CRAN Package Check Results for Package PPMiss

Last updated on 2025-10-27 02:49:33 CET.

Flavor Version Tinstall Tcheck Ttotal Status Flags
r-devel-linux-x86_64-debian-clang 0.1.1 6.95 40.37 47.32 NOTE
r-devel-linux-x86_64-debian-gcc 0.1.1 4.74 31.13 35.87 NOTE
r-devel-linux-x86_64-fedora-clang 0.1.1 14.00 55.84 69.84 OK
r-devel-linux-x86_64-fedora-gcc 0.1.1 12.00 54.50 66.50 OK
r-devel-windows-x86_64 0.1.1 10.00 54.00 64.00 OK
r-patched-linux-x86_64 0.1.1 6.41 38.24 44.65 OK
r-release-linux-x86_64 0.1.1 6.02 38.15 44.17 OK
r-release-macos-arm64 0.1.1 5.00 23.00 28.00 OK
r-release-macos-x86_64 0.1.1 7.00 40.00 47.00 OK
r-release-windows-x86_64 0.1.1 9.00 56.00 65.00 OK
r-oldrel-macos-arm64 0.1.1 4.00 22.00 26.00 OK
r-oldrel-macos-x86_64 0.1.1 7.00 30.00 37.00 OK
r-oldrel-windows-x86_64 0.1.1 12.00 65.00 77.00 OK

Check Details

Version: 0.1.1
Check: CRAN incoming feasibility
Result: NOTE Maintainer: ‘Taiane Schaedler Prass <taianeprass@gmail.com>’ The Description field contains <arXiv:2303.04754>) and has been found to outperform several other Please refer to arXiv e-prints via their arXiv DOI <doi:10.48550/arXiv.YYMM.NNNNN>. Flavors: r-devel-linux-x86_64-debian-clang, r-devel-linux-x86_64-debian-gcc