Last updated on 2024-05-21 02:02:13 CEST.
Flavor | Version | Tinstall | Tcheck | Ttotal | Status | Flags |
---|---|---|---|---|---|---|
r-devel-linux-x86_64-debian-clang | 1.3.8 | 18.06 | 290.45 | 308.51 | OK | |
r-devel-linux-x86_64-debian-gcc | 1.3.8 | 14.03 | 214.49 | 228.52 | OK | |
r-devel-linux-x86_64-fedora-clang | 1.3.8 | 379.67 | NOTE | |||
r-devel-linux-x86_64-fedora-gcc | 1.3.8 | 372.13 | NOTE | |||
r-devel-windows-x86_64 | 1.3.8 | 17.00 | 190.00 | 207.00 | NOTE | |
r-patched-linux-x86_64 | 1.3.8 | 24.68 | 270.04 | 294.72 | OK | |
r-release-linux-x86_64 | 1.3.8 | 14.98 | 266.63 | 281.61 | OK | |
r-release-macos-arm64 | 1.3.8 | 82.00 | NOTE | |||
r-release-windows-x86_64 | 1.3.8 | 16.00 | 192.00 | 208.00 | NOTE | |
r-oldrel-macos-arm64 | 1.3.8 | 82.00 | NOTE | |||
r-oldrel-macos-x86_64 | 1.3.8 | 142.00 | NOTE | |||
r-oldrel-windows-x86_64 | 1.3.8 | 20.00 | 235.00 | 255.00 | NOTE |
Version: 1.3.8
Check: installed package size
Result: NOTE
installed size is 6.3Mb
sub-directories of 1Mb or more:
doc 5.6Mb
Flavors: r-devel-linux-x86_64-fedora-clang, r-devel-windows-x86_64, r-release-macos-arm64, r-release-windows-x86_64, r-oldrel-macos-arm64, r-oldrel-macos-x86_64, r-oldrel-windows-x86_64
Version: 1.3.8
Check: data for non-ASCII characters
Result: NOTE
Note: found 4 marked UTF-8 strings
Flavors: r-devel-linux-x86_64-fedora-clang, r-devel-linux-x86_64-fedora-gcc