Last updated on 2025-11-15 02:53:11 CET.
| Flavor | Version | Tinstall | Tcheck | Ttotal | Status | Flags |
|---|---|---|---|---|---|---|
| r-devel-linux-x86_64-debian-clang | 1.1.3 | 19.55 | 239.04 | 258.59 | OK | |
| r-devel-linux-x86_64-debian-gcc | 1.1.3 | 14.45 | 167.48 | 181.93 | OK | |
| r-devel-linux-x86_64-fedora-clang | 1.1.3 | 43.00 | 355.93 | 398.93 | NOTE | |
| r-devel-linux-x86_64-fedora-gcc | 1.1.3 | 40.00 | 349.95 | 389.95 | NOTE | |
| r-devel-windows-x86_64 | 1.1.3 | 23.00 | 246.00 | 269.00 | OK | |
| r-patched-linux-x86_64 | 1.1.3 | 20.50 | 228.88 | 249.38 | OK | |
| r-release-linux-x86_64 | 1.1.3 | 18.82 | 226.96 | 245.78 | OK | |
| r-release-macos-arm64 | 1.1.3 | 8.00 | 93.00 | 101.00 | OK | |
| r-release-macos-x86_64 | 1.1.3 | 21.00 | 155.00 | 176.00 | OK | |
| r-release-windows-x86_64 | 1.1.3 | 20.00 | 239.00 | 259.00 | OK | |
| r-oldrel-macos-arm64 | 1.1.3 | 8.00 | 91.00 | 99.00 | NOTE | |
| r-oldrel-macos-x86_64 | 1.1.3 | 15.00 | 133.00 | 148.00 | NOTE | |
| r-oldrel-windows-x86_64 | 1.1.3 | 30.00 | 319.00 | 349.00 | NOTE |
Version: 1.1.3
Check: dependencies in R code
Result: NOTE
Namespace in Imports field not imported from: ‘rlang’
All declared Imports should be used.
Flavors: r-devel-linux-x86_64-fedora-clang, r-devel-linux-x86_64-fedora-gcc
Version: 1.1.3
Check: installed package size
Result: NOTE
installed size is 7.9Mb
sub-directories of 1Mb or more:
doc 4.0Mb
examples 2.6Mb
Flavors: r-oldrel-macos-arm64, r-oldrel-macos-x86_64, r-oldrel-windows-x86_64