Last updated on 2025-02-07 02:48:38 CET.
Flavor | Version | Tinstall | Tcheck | Ttotal | Status | Flags |
---|---|---|---|---|---|---|
r-devel-linux-x86_64-debian-clang | 0.1-7 | 27.02 | 144.41 | 171.43 | NOTE | |
r-devel-linux-x86_64-debian-gcc | 0.1-7 | 18.98 | 105.23 | 124.21 | NOTE | |
r-devel-linux-x86_64-fedora-clang | 0.1-7 | 295.68 | OK | |||
r-devel-linux-x86_64-fedora-gcc | 0.1-7 | 262.73 | OK | |||
r-devel-windows-x86_64 | 0.1-7 | 20.00 | 127.00 | 147.00 | NOTE | |
r-patched-linux-x86_64 | 0.1-7 | 32.87 | 135.65 | 168.52 | OK | |
r-release-linux-x86_64 | 0.1-7 | 29.26 | 136.43 | 165.69 | OK | |
r-release-macos-arm64 | 0.1-7 | 62.00 | OK | |||
r-release-macos-x86_64 | 0.1-7 | 89.00 | OK | |||
r-release-windows-x86_64 | 0.1-7 | 19.00 | 127.00 | 146.00 | OK | |
r-oldrel-macos-arm64 | 0.1-7 | 73.00 | OK | |||
r-oldrel-macos-x86_64 | 0.1-7 | 143.00 | OK | |||
r-oldrel-windows-x86_64 | 0.1-7 | 27.00 | 155.00 | 182.00 | OK |
Version: 0.1-7
Check: Rd cross-references
Result: NOTE
Found the following Rd file(s) with Rd \link{} targets missing package
anchors:
pva-class.Rd: dcmle-class
Please provide package anchors for all Rd \link{} targets not in the
package itself and the base packages.
Flavors: r-devel-linux-x86_64-debian-clang, r-devel-linux-x86_64-debian-gcc, r-devel-windows-x86_64