Last updated on 2025-10-22 01:51:33 CEST.
Flavor | Version | Tinstall | Tcheck | Ttotal | Status | Flags |
---|---|---|---|---|---|---|
r-devel-linux-x86_64-debian-clang | 1.3.6 | 6.13 | 85.91 | 92.04 | NOTE | |
r-devel-linux-x86_64-debian-gcc | 1.3.6 | 4.06 | 64.50 | 68.56 | NOTE | |
r-devel-linux-x86_64-fedora-clang | 1.3.6 | 29.00 | 112.80 | 141.80 | OK | |
r-devel-linux-x86_64-fedora-gcc | 1.3.6 | 29.00 | 121.68 | 150.68 | OK | |
r-devel-windows-x86_64 | 1.3.6 | 8.00 | 94.00 | 102.00 | OK | |
r-patched-linux-x86_64 | 1.3.6 | 5.95 | 81.55 | 87.50 | NOTE | |
r-release-linux-x86_64 | 1.3.6 | 6.50 | 81.24 | 87.74 | NOTE | |
r-release-macos-arm64 | 1.3.6 | 3.00 | 55.00 | 58.00 | OK | |
r-release-macos-x86_64 | 1.3.6 | 6.00 | 82.00 | 88.00 | OK | |
r-release-windows-x86_64 | 1.3.6 | 8.00 | 89.00 | 97.00 | OK | |
r-oldrel-macos-arm64 | 1.3.6 | 3.00 | 41.00 | 44.00 | OK | |
r-oldrel-macos-x86_64 | 1.3.6 | 4.00 | 64.00 | 68.00 | OK | |
r-oldrel-windows-x86_64 | 1.3.6 | 12.00 | 108.00 | 120.00 | OK |
Version: 1.3.6
Check: CRAN incoming feasibility
Result: NOTE
Maintainer: ‘Catherine Hurley <catherine.hurley@mu.ie>’
No Authors@R field in DESCRIPTION.
Please add one, modifying
Authors@R: c(person(given = "C.B.",
family = "Hurley",
role = "aut"),
person(given = "R.W.",
family = "Oldford",
role = "aut"),
person(given = "Catherine",
family = "Hurley",
role = "cre",
email = "catherine.hurley@mu.ie"))
as necessary.
Flavors: r-devel-linux-x86_64-debian-clang, r-devel-linux-x86_64-debian-gcc
Version: 1.3.6
Check: for unstated dependencies in ‘demo’
Result: NOTE
'library' or 'require' calls not declared from:
‘gclus’ ‘irr’ ‘seriation’
Flavors: r-devel-linux-x86_64-debian-clang, r-devel-linux-x86_64-debian-gcc, r-patched-linux-x86_64, r-release-linux-x86_64
Version: 1.3.6
Check: HTML version of manual
Result: NOTE
Found the following HTML validation problems:
path_cor.html:50:1 (path_cor.Rd:12): Warning: missing </ul> before </div>
Flavors: r-devel-linux-x86_64-debian-clang, r-devel-linux-x86_64-debian-gcc