Last updated on 2025-10-31 01:49:06 CET.
| Flavor | Version | Tinstall | Tcheck | Ttotal | Status | Flags | 
|---|---|---|---|---|---|---|
| r-devel-linux-x86_64-debian-clang | 0.1.1 | 29.24 | 27.77 | 57.01 | NOTE | |
| r-devel-linux-x86_64-debian-gcc | 0.1.1 | 21.01 | 22.80 | 43.81 | NOTE | |
| r-devel-linux-x86_64-fedora-clang | 0.1.1 | 62.00 | 27.26 | 89.26 | NOTE | |
| r-devel-linux-x86_64-fedora-gcc | 0.1.1 | 57.00 | 27.22 | 84.22 | NOTE | |
| r-devel-windows-x86_64 | 0.1.1 | 26.00 | 50.00 | 76.00 | NOTE | |
| r-patched-linux-x86_64 | 0.1.1 | 29.05 | 25.86 | 54.91 | NOTE | |
| r-release-linux-x86_64 | 0.1.1 | 28.25 | 26.40 | 54.65 | NOTE | |
| r-release-macos-arm64 | 0.1.1 | 18.00 | 18.00 | 36.00 | NOTE | |
| r-release-macos-x86_64 | 0.1.1 | 30.00 | 28.00 | 58.00 | NOTE | |
| r-release-windows-x86_64 | 0.1.1 | 27.00 | 54.00 | 81.00 | NOTE | |
| r-oldrel-macos-arm64 | 0.1.1 | 20.00 | 18.00 | 38.00 | NOTE | |
| r-oldrel-macos-x86_64 | 0.1.1 | 21.00 | 24.00 | 45.00 | NOTE | |
| r-oldrel-windows-x86_64 | 0.1.1 | 28.00 | 57.00 | 85.00 | NOTE | 
Version: 0.1.1
Check: Rd files
Result: NOTE
  checkRd: (-1) MICS2014HL.Rd:109: Lost braces in \enumerate; meant \describe ?
  checkRd: (-1) MICS2014HL.Rd:110: Lost braces in \enumerate; meant \describe ?
Flavors: r-devel-linux-x86_64-debian-clang, r-devel-linux-x86_64-debian-gcc, r-devel-linux-x86_64-fedora-clang, r-devel-linux-x86_64-fedora-gcc, r-devel-windows-x86_64, r-patched-linux-x86_64, r-release-linux-x86_64, r-release-macos-arm64, r-release-macos-x86_64, r-release-windows-x86_64, r-oldrel-macos-arm64, r-oldrel-macos-x86_64, r-oldrel-windows-x86_64
Version: 0.1.1
Check: dependencies in R code
Result: NOTE
  Namespace in Imports field not imported from: ‘stats’
    All declared Imports should be used.
Flavors: r-devel-linux-x86_64-fedora-clang, r-devel-linux-x86_64-fedora-gcc