Last updated on 2025-02-06 01:49:19 CET.
Flavor | Version | Tinstall | Tcheck | Ttotal | Status | Flags |
---|---|---|---|---|---|---|
r-devel-linux-x86_64-debian-clang | 0.1.0 | 5.22 | 35.95 | 41.17 | NOTE | |
r-devel-linux-x86_64-debian-gcc | 0.1.0 | 4.31 | 26.26 | 30.57 | NOTE | |
r-devel-linux-x86_64-fedora-clang | 0.1.0 | 72.14 | NOTE | |||
r-devel-linux-x86_64-fedora-gcc | 0.1.0 | 75.93 | NOTE | |||
r-devel-windows-x86_64 | 0.1.0 | 7.00 | 55.00 | 62.00 | NOTE | |
r-patched-linux-x86_64 | 0.1.0 | 5.51 | 33.54 | 39.05 | NOTE | |
r-release-linux-x86_64 | 0.1.0 | 5.82 | 33.35 | 39.17 | NOTE | |
r-release-macos-arm64 | 0.1.0 | 28.00 | NOTE | |||
r-release-macos-x86_64 | 0.1.0 | 42.00 | NOTE | |||
r-release-windows-x86_64 | 0.1.0 | 8.00 | 55.00 | 63.00 | NOTE | |
r-oldrel-macos-arm64 | 0.1.0 | 32.00 | OK | |||
r-oldrel-macos-x86_64 | 0.1.0 | 46.00 | OK | |||
r-oldrel-windows-x86_64 | 0.1.0 | 9.00 | 58.00 | 67.00 | OK |
Version: 0.1.0
Check: Rd files
Result: NOTE
checkRd: (-1) PakPMICS2018mn.Rd:243: Lost braces in \enumerate; meant \describe ?
checkRd: (-1) PakPMICS2018mn.Rd:244: Lost braces in \enumerate; meant \describe ?
Flavors: r-devel-linux-x86_64-debian-clang, r-devel-linux-x86_64-debian-gcc, r-devel-linux-x86_64-fedora-clang, r-devel-linux-x86_64-fedora-gcc, r-devel-windows-x86_64, r-patched-linux-x86_64, r-release-linux-x86_64, r-release-macos-arm64, r-release-macos-x86_64, r-release-windows-x86_64