CRAN Package Check Results for Package PlackettLuce

Last updated on 2025-05-01 01:49:41 CEST.

Flavor Version Tinstall Tcheck Ttotal Status Flags
r-devel-linux-x86_64-debian-clang 0.4.3 17.32 333.79 351.11 NOTE
r-devel-linux-x86_64-debian-gcc 0.4.3 12.72 210.84 223.56 NOTE
r-devel-linux-x86_64-fedora-clang 0.4.3 562.00 NOTE
r-devel-linux-x86_64-fedora-gcc 0.4.3 595.29 NOTE
r-devel-windows-x86_64 0.4.3 19.00 294.00 313.00 NOTE
r-patched-linux-x86_64 0.4.3 19.53 312.51 332.04 NOTE
r-release-linux-x86_64 0.4.3 18.58 311.89 330.47 NOTE
r-release-macos-arm64 0.4.3 157.00 NOTE
r-release-macos-x86_64 0.4.3 308.00 NOTE
r-release-windows-x86_64 0.4.3 18.00 294.00 312.00 NOTE
r-oldrel-macos-arm64 0.4.3 129.00 NOTE
r-oldrel-macos-x86_64 0.4.3 210.00 NOTE
r-oldrel-windows-x86_64 0.4.3 24.00 397.00 421.00 NOTE

Additional issues

noSuggests

Check Details

Version: 0.4.3
Check: Rd files
Result: NOTE checkRd: (-1) adjacency.Rd:27: Lost braces; missing escapes or markup? 27 | item j. For example, in the ranking \\{1\\} > \\{3, 4\\} > \\{2\\}, | ^ checkRd: (-1) adjacency.Rd:27: Lost braces; missing escapes or markup? 27 | item j. For example, in the ranking \\{1\\} > \\{3, 4\\} > \\{2\\}, | ^ checkRd: (-1) adjacency.Rd:27: Lost braces; missing escapes or markup? 27 | item j. For example, in the ranking \\{1\\} > \\{3, 4\\} > \\{2\\}, | ^ checkRd: (-1) rankings.Rd:127: Lost braces; missing escapes or markup? 127 | rank skipped. For example {1, 0, 2, 1}, ranks the first and fourth items in | ^ Flavors: r-devel-linux-x86_64-debian-clang, r-devel-linux-x86_64-debian-gcc, r-devel-linux-x86_64-fedora-clang, r-devel-linux-x86_64-fedora-gcc, r-devel-windows-x86_64, r-patched-linux-x86_64, r-release-linux-x86_64, r-release-macos-arm64, r-release-macos-x86_64, r-release-windows-x86_64, r-oldrel-macos-arm64, r-oldrel-macos-x86_64, r-oldrel-windows-x86_64

Version: 0.4.3
Check: Rd cross-references
Result: NOTE Found the following Rd file(s) with Rd \link{} targets missing package anchors: pltree.Rd: mob qvcalc.PlackettLuce.Rd: worstErrors, plot.qv Please provide package anchors for all Rd \link{} targets not in the package itself and the base packages. Flavors: r-devel-linux-x86_64-debian-clang, r-devel-linux-x86_64-debian-gcc, r-devel-windows-x86_64, r-patched-linux-x86_64, r-release-linux-x86_64, r-release-windows-x86_64

Version: 0.4.3
Check: examples
Result: NOTE Examples with CPU (user + system) or elapsed time > 5s user system elapsed pltree-summaries 4.198 0.16 5.088 Flavor: r-devel-linux-x86_64-debian-clang