Last updated on 2025-04-29 01:49:43 CEST.
Flavor | Version | Tinstall | Tcheck | Ttotal | Status | Flags |
---|---|---|---|---|---|---|
r-devel-linux-x86_64-debian-clang | 1.0.1 | 14.36 | 141.23 | 155.59 | OK | |
r-devel-linux-x86_64-debian-gcc | 1.0.1 | 10.73 | 105.18 | 115.91 | NOTE | |
r-devel-linux-x86_64-fedora-clang | 1.0.1 | 242.12 | OK | |||
r-devel-linux-x86_64-fedora-gcc | 1.0.1 | 246.75 | OK | |||
r-devel-windows-x86_64 | 1.0.1 | 15.00 | 135.00 | 150.00 | OK | |
r-patched-linux-x86_64 | 1.0.1 | 12.96 | 140.11 | 153.07 | OK | |
r-release-linux-x86_64 | 1.0.1 | 14.49 | 137.36 | 151.85 | OK | |
r-release-macos-arm64 | 1.0.1 | 69.00 | OK | |||
r-release-macos-x86_64 | 1.0.1 | 128.00 | OK | |||
r-release-windows-x86_64 | 1.0.1 | 15.00 | 133.00 | 148.00 | OK | |
r-oldrel-macos-arm64 | 1.0.1 | 72.00 | OK | |||
r-oldrel-macos-x86_64 | 1.0.1 | 125.00 | OK | |||
r-oldrel-windows-x86_64 | 1.0.1 | 20.00 | 166.00 | 186.00 | OK |
Version: 1.0.1
Check: examples
Result: NOTE
Examples with CPU (user + system) or elapsed time > 5s
user system elapsed
linear_transform 4.279 0.208 5.771
covZtZs 3.786 0.382 5.503
Flavor: r-devel-linux-x86_64-debian-gcc