Last updated on 2025-07-17 02:49:33 CEST.
Flavor | Version | Tinstall | Tcheck | Ttotal | Status | Flags |
---|---|---|---|---|---|---|
r-devel-linux-x86_64-debian-clang | 0.0.1 | 3.11 | 26.47 | 29.58 | NOTE | |
r-devel-linux-x86_64-debian-gcc | 0.0.1 | 2.31 | 20.78 | 23.09 | NOTE | |
r-devel-linux-x86_64-fedora-clang | 0.0.1 | 44.63 | OK | |||
r-devel-linux-x86_64-fedora-gcc | 0.0.1 | 42.04 | OK | |||
r-devel-windows-x86_64 | 0.0.1 | 4.00 | 45.00 | 49.00 | OK | |
r-patched-linux-x86_64 | 0.0.1 | 2.96 | 25.05 | 28.01 | OK | |
r-release-linux-x86_64 | 0.0.1 | 2.34 | 24.92 | 27.26 | OK | |
r-release-macos-arm64 | 0.0.1 | 21.00 | OK | |||
r-release-macos-x86_64 | 0.0.1 | 33.00 | OK | |||
r-release-windows-x86_64 | 0.0.1 | 4.00 | 45.00 | 49.00 | OK | |
r-oldrel-macos-arm64 | 0.0.1 | 18.00 | OK | |||
r-oldrel-macos-x86_64 | 0.0.1 | 31.00 | OK | |||
r-oldrel-windows-x86_64 | 0.0.1 | 6.00 | 49.00 | 55.00 | OK |
Version: 0.0.1
Check: CRAN incoming feasibility
Result: NOTE
Maintainer: ‘Sourav Chatterjee <souravc@stanford.edu>’
The Description field contains
Vidyasagar (2022) <arxiv:2209.07028>. The method is fully
Please refer to arXiv e-prints via their arXiv DOI <doi:10.48550/arXiv.YYMM.NNNNN>.
Flavors: r-devel-linux-x86_64-debian-clang, r-devel-linux-x86_64-debian-gcc