CRAN Package Check Results for Package PredictionR

Last updated on 2025-04-16 02:50:38 CEST.

Flavor Version Tinstall Tcheck Ttotal Status Flags
r-devel-linux-x86_64-debian-clang 1.0-12 6.67 55.06 61.73 OK
r-devel-linux-x86_64-debian-gcc 1.0-12 5.03 40.66 45.69 OK
r-devel-linux-x86_64-fedora-clang 1.0-12 95.15 OK
r-devel-linux-x86_64-fedora-gcc 1.0-12 90.84 OK
r-devel-windows-x86_64 1.0-12 9.00 66.00 75.00 OK
r-patched-linux-x86_64 1.0-12 6.92 52.83 59.75 OK
r-release-linux-x86_64 1.0-12 6.69 53.55 60.24 OK
r-release-macos-arm64 1.0-12 34.00 OK
r-release-macos-x86_64 1.0-12 61.00 OK
r-release-windows-x86_64 1.0-12 8.00 65.00 73.00 OK
r-oldrel-macos-arm64 1.0-12 29.00 NOTE
r-oldrel-macos-x86_64 1.0-12 44.00 NOTE
r-oldrel-windows-x86_64 1.0-12 10.00 78.00 88.00 NOTE

Check Details

Version: 1.0-12
Check: LazyData
Result: NOTE 'LazyData' is specified without a 'data' directory Flavors: r-oldrel-macos-arm64, r-oldrel-macos-x86_64, r-oldrel-windows-x86_64