CRAN Package Check Results for Package PubMedMining

Last updated on 2025-05-19 01:50:03 CEST.

Flavor Version Tinstall Tcheck Ttotal Status Flags
r-devel-linux-x86_64-debian-clang 1.0.0 1.73 20.29 22.02 OK
r-devel-linux-x86_64-debian-gcc 1.0.0 1.40 16.92 18.32 OK
r-devel-linux-x86_64-fedora-clang 1.0.0 36.30 OK
r-devel-linux-x86_64-fedora-gcc 1.0.0 47.87 OK
r-devel-windows-x86_64 1.0.0 3.00 41.00 44.00 OK
r-patched-linux-x86_64 1.0.0 1.75 19.69 21.44 OK
r-release-linux-x86_64 1.0.0 1.65 19.64 21.29 OK
r-release-macos-arm64 1.0.0 34.00 OK
r-release-macos-x86_64 1.0.0 61.00 OK
r-release-windows-x86_64 1.0.0 3.00 49.00 52.00 OK
r-oldrel-macos-arm64 1.0.0 26.00 NOTE
r-oldrel-macos-x86_64 1.0.0 32.00 NOTE
r-oldrel-windows-x86_64 1.0.0 8.00 46.00 54.00 NOTE

Check Details

Version: 1.0.0
Check: LazyData
Result: NOTE 'LazyData' is specified without a 'data' directory Flavors: r-oldrel-macos-arm64, r-oldrel-macos-x86_64, r-oldrel-windows-x86_64