Last updated on 2025-02-17 01:50:35 CET.
Flavor | Version | Tinstall | Tcheck | Ttotal | Status | Flags |
---|---|---|---|---|---|---|
r-devel-linux-x86_64-debian-clang | 0.1.0 | 8.72 | 233.15 | 241.87 | NOTE | |
r-devel-linux-x86_64-debian-gcc | 0.1.0 | 4.90 | 140.00 | 144.90 | NOTE | |
r-devel-linux-x86_64-fedora-clang | 0.1.0 | 422.85 | NOTE | |||
r-devel-linux-x86_64-fedora-gcc | 0.1.0 | 397.73 | NOTE | |||
r-devel-macos-arm64 | 0.1.0 | 102.00 | OK | |||
r-devel-macos-x86_64 | 0.1.0 | 249.00 | OK | |||
r-devel-windows-x86_64 | 0.1.0 | 11.00 | 223.00 | 234.00 | NOTE | |
r-patched-linux-x86_64 | 0.1.0 | 11.91 | 211.56 | 223.47 | OK | |
r-release-linux-x86_64 | 0.1.0 | 7.63 | 212.76 | 220.39 | OK | |
r-release-macos-arm64 | 0.1.0 | 96.00 | OK | |||
r-release-macos-x86_64 | 0.1.0 | 173.00 | OK | |||
r-release-windows-x86_64 | 0.1.0 | 10.00 | 228.00 | 238.00 | OK | |
r-oldrel-macos-arm64 | 0.1.0 | 100.00 | OK | |||
r-oldrel-macos-x86_64 | 0.1.0 | 163.00 | OK | |||
r-oldrel-windows-x86_64 | 0.1.0 | 14.00 | 298.00 | 312.00 | OK |
Version: 0.1.0
Check: Rd cross-references
Result: NOTE
Found the following Rd file(s) with Rd \link{} targets missing package
anchors:
wop.Rd: minimize
wop_inter.Rd: minimize
Please provide package anchors for all Rd \link{} targets not in the
package itself and the base packages.
Flavors: r-devel-linux-x86_64-debian-clang, r-devel-linux-x86_64-debian-gcc, r-devel-windows-x86_64
Version: 0.1.0
Check: dependencies in R code
Result: NOTE
Namespace in Imports field not imported from: ‘data.table’
All declared Imports should be used.
Flavors: r-devel-linux-x86_64-fedora-clang, r-devel-linux-x86_64-fedora-gcc