Last updated on 2024-05-21 02:02:14 CEST.
Flavor | Version | Tinstall | Tcheck | Ttotal | Status | Flags |
---|---|---|---|---|---|---|
r-devel-linux-x86_64-debian-clang | 1.3 | 5.14 | 31.78 | 36.92 | NOTE | |
r-devel-linux-x86_64-debian-gcc | 1.3 | 2.40 | 25.61 | 28.01 | NOTE | |
r-devel-linux-x86_64-fedora-clang | 1.3 | 43.89 | NOTE | |||
r-devel-linux-x86_64-fedora-gcc | 1.3 | 41.78 | NOTE | |||
r-devel-windows-x86_64 | 1.3 | 4.00 | 51.00 | 55.00 | NOTE | |
r-patched-linux-x86_64 | 1.3 | 4.36 | 31.18 | 35.54 | NOTE | |
r-release-linux-x86_64 | 1.3 | 3.62 | 32.13 | 35.75 | NOTE | |
r-release-macos-arm64 | 1.3 | 20.00 | NOTE | |||
r-release-windows-x86_64 | 1.3 | 3.00 | 49.00 | 52.00 | NOTE | |
r-oldrel-macos-arm64 | 1.3 | 21.00 | NOTE | |||
r-oldrel-macos-x86_64 | 1.3 | 28.00 | NOTE | |||
r-oldrel-windows-x86_64 | 1.3 | 3.00 | 50.00 | 53.00 | NOTE |
Version: 1.3
Check: DESCRIPTION meta-information
Result: NOTE
Malformed Description field: should contain one or more complete sentences.
Flavors: r-devel-linux-x86_64-debian-clang, r-devel-linux-x86_64-debian-gcc, r-devel-linux-x86_64-fedora-clang, r-devel-linux-x86_64-fedora-gcc, r-devel-windows-x86_64, r-patched-linux-x86_64, r-release-linux-x86_64, r-release-macos-arm64, r-release-windows-x86_64, r-oldrel-macos-arm64, r-oldrel-macos-x86_64, r-oldrel-windows-x86_64
Version: 1.3
Check: installed package size
Result: NOTE
installed size is 12.7Mb
sub-directories of 1Mb or more:
data 12.5Mb
Flavors: r-devel-linux-x86_64-fedora-clang, r-devel-windows-x86_64, r-release-macos-arm64, r-release-windows-x86_64, r-oldrel-macos-arm64, r-oldrel-macos-x86_64, r-oldrel-windows-x86_64