Last updated on 2024-05-21 02:02:14 CEST.
Flavor | Version | Tinstall | Tcheck | Ttotal | Status | Flags |
---|---|---|---|---|---|---|
r-devel-linux-x86_64-debian-clang | 3.4 | 48.97 | 156.13 | 205.10 | OK | |
r-devel-linux-x86_64-debian-gcc | 3.4 | 35.39 | 115.70 | 151.09 | OK | |
r-devel-linux-x86_64-fedora-clang | 3.4 | 260.57 | OK | |||
r-devel-linux-x86_64-fedora-gcc | 3.4 | 239.89 | OK | |||
r-devel-windows-x86_64 | 3.4 | 35.00 | 139.00 | 174.00 | OK | |
r-patched-linux-x86_64 | 3.4 | 29.57 | 146.46 | 176.03 | OK | |
r-release-linux-x86_64 | 3.4 | 30.11 | 148.38 | 178.49 | OK | |
r-release-macos-arm64 | 3.4 | 63.00 | OK | |||
r-release-windows-x86_64 | 3.4 | 36.00 | 142.00 | 178.00 | OK | |
r-oldrel-macos-arm64 | 3.4 | 72.00 | OK | |||
r-oldrel-macos-x86_64 | 3.4 | 125.00 | OK | |||
r-oldrel-windows-x86_64 | 3.4 | 46.00 | 173.00 | 219.00 | NOTE |
Version: 3.4
Check: installed package size
Result: NOTE
installed size is 5.0Mb
sub-directories of 1Mb or more:
extdata 3.0Mb
libs 1.0Mb
Flavor: r-oldrel-windows-x86_64