Last updated on 2025-05-02 02:51:03 CEST.
Flavor | Version | Tinstall | Tcheck | Ttotal | Status | Flags |
---|---|---|---|---|---|---|
r-devel-linux-x86_64-debian-clang | 1.0.1 | 17.11 | 126.33 | 143.44 | NOTE | |
r-devel-linux-x86_64-debian-gcc | 1.0.1 | 12.41 | 84.92 | 97.33 | NOTE | |
r-devel-linux-x86_64-fedora-clang | 1.0.1 | 212.48 | OK | |||
r-devel-linux-x86_64-fedora-gcc | 1.0.1 | 203.23 | OK | |||
r-devel-windows-x86_64 | 1.0.1 | 23.00 | 125.00 | 148.00 | NOTE | |
r-patched-linux-x86_64 | 1.0.1 | 20.04 | 116.68 | 136.72 | NOTE | |
r-release-linux-x86_64 | NOTE | |||||
r-release-macos-arm64 | 1.0.1 | 60.00 | OK | |||
r-release-macos-x86_64 | 1.0.1 | 153.00 | OK | |||
r-release-windows-x86_64 | 1.0.1 | 22.00 | 142.00 | 164.00 | NOTE | |
r-oldrel-macos-arm64 | 1.0.1 | 59.00 | OK | |||
r-oldrel-macos-x86_64 | 1.0.1 | 107.00 | OK | |||
r-oldrel-windows-x86_64 | 1.0.1 | 29.00 | 157.00 | 186.00 | OK |
Version: 1.0.1
Check: Rd cross-references
Result: NOTE
Found the following Rd file(s) with Rd \link{} targets missing package
anchors:
Qcoxph.Rd: coxph, coxph.object, predict.coxph
Qest.control.Rd: pchreg
Please provide package anchors for all Rd \link{} targets not in the
package itself and the base packages.
Flavors: r-devel-linux-x86_64-debian-clang, r-devel-linux-x86_64-debian-gcc, r-devel-windows-x86_64, r-patched-linux-x86_64, r-release-linux-x86_64, r-release-windows-x86_64
Version: 1.0.1
Check: examples
Result: NOTE
Examples with CPU (user + system) or elapsed time > 5s
user system elapsed
Qfamily 4.219 0.088 6.05
Flavor: r-devel-linux-x86_64-debian-clang