Last updated on 2025-02-20 01:50:43 CET.
Flavor | Version | Tinstall | Tcheck | Ttotal | Status | Flags |
---|---|---|---|---|---|---|
r-devel-linux-x86_64-debian-clang | 1.1.3 | 48.64 | 212.53 | 261.17 | OK | |
r-devel-linux-x86_64-debian-gcc | 1.1.3 | 34.27 | 141.75 | 176.02 | OK | |
r-devel-linux-x86_64-fedora-clang | 1.1.3 | 430.61 | OK | |||
r-devel-linux-x86_64-fedora-gcc | 1.1.3 | 444.29 | OK | |||
r-devel-macos-arm64 | 1.1.3 | 136.00 | OK | |||
r-devel-macos-x86_64 | 1.1.3 | 351.00 | OK | |||
r-devel-windows-x86_64 | 1.1.3 | 46.00 | 476.00 | 522.00 | OK | |
r-patched-linux-x86_64 | 1.1.3 | 47.13 | 204.29 | 251.42 | OK | |
r-release-linux-x86_64 | 1.1.3 | 45.91 | 204.09 | 250.00 | OK | |
r-release-macos-arm64 | 1.1.3 | 165.00 | NOTE | |||
r-release-macos-x86_64 | 1.1.3 | 389.00 | NOTE | |||
r-release-windows-x86_64 | 1.1.3 | 44.00 | 491.00 | 535.00 | OK | |
r-oldrel-macos-arm64 | 1.1.2 | 239.00 | NOTE | |||
r-oldrel-macos-x86_64 | 1.1.3 | 558.00 | NOTE | |||
r-oldrel-windows-x86_64 | 1.1.3 | 62.00 | 722.00 | 784.00 | OK |
Version: 1.1.3
Check: installed package size
Result: NOTE
installed size is 15.7Mb
sub-directories of 1Mb or more:
libs 13.9Mb
Flavors: r-release-macos-arm64, r-release-macos-x86_64, r-oldrel-macos-x86_64
Version: 1.1.2
Check: installed package size
Result: NOTE
installed size is 15.7Mb
sub-directories of 1Mb or more:
libs 13.9Mb
Flavor: r-oldrel-macos-arm64