Last updated on 2025-07-03 01:49:04 CEST.
Flavor | Version | Tinstall | Tcheck | Ttotal | Status | Flags |
---|---|---|---|---|---|---|
r-devel-linux-x86_64-debian-clang | 1.1 | 6.89 | 63.01 | 69.90 | OK | |
r-devel-linux-x86_64-debian-gcc | 1.1 | 4.45 | 46.36 | 50.81 | OK | |
r-devel-linux-x86_64-fedora-clang | 1.1 | 109.55 | NOTE | |||
r-devel-linux-x86_64-fedora-gcc | 1.1 | 107.21 | NOTE | |||
r-devel-windows-x86_64 | 1.1 | 10.00 | 82.00 | 92.00 | OK | |
r-patched-linux-x86_64 | 1.1 | 9.04 | 60.73 | 69.77 | OK | |
r-release-linux-x86_64 | 1.1 | 7.54 | 60.67 | 68.21 | OK | |
r-release-macos-arm64 | 1.1 | 35.00 | OK | |||
r-release-macos-x86_64 | 1.1 | 76.00 | OK | |||
r-release-windows-x86_64 | 1.1 | 10.00 | 82.00 | 92.00 | OK | |
r-oldrel-macos-arm64 | 1.1 | 34.00 | OK | |||
r-oldrel-macos-x86_64 | 1.1 | 50.00 | OK | |||
r-oldrel-windows-x86_64 | 1.1 | 8.00 | 81.00 | 89.00 | OK |
Version: 1.1
Check: compiled code
Result: NOTE
File ‘RANKS/libs/RANKS.so’:
Found no calls to: ‘R_registerRoutines’, ‘R_useDynamicSymbols’
It is good practice to register native routines and to disable symbol
search.
See ‘Writing portable packages’ in the ‘Writing R Extensions’ manual.
Flavors: r-devel-linux-x86_64-fedora-clang, r-devel-linux-x86_64-fedora-gcc