Last updated on 2024-05-21 02:02:15 CEST.
Flavor | Version | Tinstall | Tcheck | Ttotal | Status | Flags |
---|---|---|---|---|---|---|
r-devel-linux-x86_64-debian-clang | 2.6.1 | 17.46 | 145.96 | 163.42 | NOTE | |
r-devel-linux-x86_64-debian-gcc | 2.6.1 | 9.27 | 107.69 | 116.96 | NOTE | |
r-devel-linux-x86_64-fedora-clang | 2.6.1 | 202.70 | NOTE | |||
r-devel-linux-x86_64-fedora-gcc | 2.6.1 | 202.46 | NOTE | |||
r-devel-windows-x86_64 | 2.6.1 | 12.00 | 155.00 | 167.00 | NOTE | |
r-patched-linux-x86_64 | 2.6.1 | 16.23 | 138.48 | 154.71 | NOTE | |
r-release-linux-x86_64 | 2.6.1 | 11.41 | 140.16 | 151.57 | NOTE | |
r-release-macos-arm64 | 2.6.1 | 66.00 | NOTE | |||
r-release-windows-x86_64 | 2.6.1 | 13.00 | 154.00 | 167.00 | NOTE | |
r-oldrel-macos-arm64 | 2.6.1 | 69.00 | OK | |||
r-oldrel-macos-x86_64 | 2.6.1 | 109.00 | OK | |||
r-oldrel-windows-x86_64 | 2.6.1 | 17.00 | 171.00 | 188.00 | OK |
Version: 2.6.1
Check: Rd files
Result: NOTE
checkRd: (-1) dbConnect-AthenaDriver-method.Rd:109-111: Lost braces in \itemize; meant \describe ?
checkRd: (-1) dbConnect-AthenaDriver-method.Rd:115-120: Lost braces in \itemize; meant \describe ?
checkRd: (-1) dbConnect-AthenaDriver-method.Rd:121-124: Lost braces in \itemize; meant \describe ?
checkRd: (-1) dbConnect-AthenaDriver-method.Rd:125-127: Lost braces in \itemize; meant \describe ?
checkRd: (-1) dbConnect-AthenaDriver-method.Rd:128-138: Lost braces in \itemize; meant \describe ?
Flavors: r-devel-linux-x86_64-debian-clang, r-devel-linux-x86_64-debian-gcc, r-devel-linux-x86_64-fedora-clang, r-devel-linux-x86_64-fedora-gcc, r-devel-windows-x86_64, r-patched-linux-x86_64, r-release-linux-x86_64, r-release-macos-arm64, r-release-windows-x86_64