Last updated on 2025-04-30 02:50:49 CEST.
Flavor | Version | Tinstall | Tcheck | Ttotal | Status | Flags |
---|---|---|---|---|---|---|
r-devel-linux-x86_64-debian-clang | 1.0.2 | 26.59 | 31.78 | 58.37 | NOTE | |
r-devel-linux-x86_64-debian-gcc | 1.0.2 | 17.98 | 25.72 | 43.70 | OK | |
r-devel-linux-x86_64-fedora-clang | 1.0.2 | 114.12 | OK | |||
r-devel-linux-x86_64-fedora-gcc | 1.0.2 | 93.04 | OK | |||
r-devel-windows-x86_64 | 1.0.2 | 32.00 | 70.00 | 102.00 | OK | |
r-patched-linux-x86_64 | 1.0.2 | 24.66 | 30.00 | 54.66 | OK | |
r-release-linux-x86_64 | 1.0.2 | 23.46 | 30.41 | 53.87 | OK | |
r-release-macos-arm64 | 1.0.2 | 32.00 | OK | |||
r-release-macos-x86_64 | 1.0.2 | 44.00 | OK | |||
r-release-windows-x86_64 | 1.0.2 | 33.00 | 71.00 | 104.00 | OK | |
r-oldrel-macos-arm64 | 1.0.2 | 32.00 | OK | |||
r-oldrel-macos-x86_64 | 1.0.2 | 38.00 | OK | |||
r-oldrel-windows-x86_64 | 1.0.2 | 36.00 | 77.00 | 113.00 | OK |
Version: 1.0.2
Check: examples
Result: NOTE
Examples with CPU (user + system) or elapsed time > 5s
user system elapsed
CSF 3.561 0.025 5.254
Flavor: r-devel-linux-x86_64-debian-clang