Last updated on 2025-11-15 03:50:25 CET.
| Flavor | Version | Tinstall | Tcheck | Ttotal | Status | Flags |
|---|---|---|---|---|---|---|
| r-devel-linux-x86_64-debian-clang | 0.9.4 | 2.44 | 24.17 | 26.61 | NOTE | |
| r-devel-linux-x86_64-debian-gcc | 0.9.4 | 1.87 | 19.40 | 21.27 | NOTE | |
| r-devel-linux-x86_64-fedora-clang | 0.9.4 | 15.00 | 27.23 | 42.23 | OK | |
| r-devel-linux-x86_64-fedora-gcc | 0.9.4 | 12.00 | 27.77 | 39.77 | OK | |
| r-devel-windows-x86_64 | 0.9.4 | 5.00 | 44.00 | 49.00 | NOTE | |
| r-patched-linux-x86_64 | 0.9.4 | 2.66 | 22.63 | 25.29 | OK | |
| r-release-linux-x86_64 | 0.9.4 | 2.39 | 22.87 | 25.26 | OK | |
| r-release-macos-arm64 | 0.9.4 | 1.00 | 15.00 | 16.00 | OK | |
| r-release-macos-x86_64 | 0.9.4 | 2.00 | 23.00 | 25.00 | OK | |
| r-release-windows-x86_64 | 0.9.4 | 4.00 | 42.00 | 46.00 | OK | |
| r-oldrel-macos-arm64 | 0.9.4 | 1.00 | 14.00 | 15.00 | OK | |
| r-oldrel-macos-x86_64 | 0.9.4 | 3.00 | 19.00 | 22.00 | OK | |
| r-oldrel-windows-x86_64 | 0.9.4 | 5.00 | 48.00 | 53.00 | OK |
Version: 0.9.4
Check: Rd files
Result: NOTE
checkRd: (-1) KMO.Rd:46-53: Only 2 columns allowed in this table (row 7 has 1)
checkRd: (-1) REdaS-package.Rd:8-14: Only 2 columns allowed in this table (row 6 has 1)
Flavors: r-devel-linux-x86_64-debian-clang, r-devel-linux-x86_64-debian-gcc, r-devel-windows-x86_64