Last updated on 2024-05-21 02:02:16 CEST.
Flavor | Version | Tinstall | Tcheck | Ttotal | Status | Flags |
---|---|---|---|---|---|---|
r-devel-linux-x86_64-debian-clang | 1.1.4 | 8.88 | 67.44 | 76.32 | NOTE | |
r-devel-linux-x86_64-debian-gcc | 1.1.4 | 6.49 | 50.23 | 56.72 | NOTE | |
r-devel-linux-x86_64-fedora-clang | 1.1.4 | 94.16 | NOTE | |||
r-devel-linux-x86_64-fedora-gcc | 1.1.4 | 85.68 | NOTE | |||
r-devel-windows-x86_64 | 1.1.4 | 8.00 | 65.00 | 73.00 | NOTE | |
r-patched-linux-x86_64 | 1.1.4 | 5.68 | 63.24 | 68.92 | NOTE | |
r-release-linux-x86_64 | 1.1.4 | 5.42 | 62.74 | 68.16 | NOTE | |
r-release-macos-arm64 | 1.1.4 | 30.00 | NOTE | |||
r-release-windows-x86_64 | 1.1.4 | 10.00 | 67.00 | 77.00 | NOTE | |
r-oldrel-macos-arm64 | 1.1.4 | 29.00 | NOTE | |||
r-oldrel-macos-x86_64 | 1.1.4 | 43.00 | NOTE | |||
r-oldrel-windows-x86_64 | 1.1.4 | 11.00 | 78.00 | 89.00 | NOTE |
Version: 1.1.4
Check: LazyData
Result: NOTE
'LazyData' is specified without a 'data' directory
Flavors: r-devel-linux-x86_64-debian-clang, r-devel-linux-x86_64-debian-gcc, r-devel-linux-x86_64-fedora-clang, r-devel-linux-x86_64-fedora-gcc, r-devel-windows-x86_64, r-patched-linux-x86_64, r-release-linux-x86_64, r-release-macos-arm64, r-release-windows-x86_64, r-oldrel-macos-arm64, r-oldrel-macos-x86_64, r-oldrel-windows-x86_64