CRAN Package Check Results for Package RGremlinsConjoint

Last updated on 2025-10-22 01:51:36 CEST.

Flavor Version Tinstall Tcheck Ttotal Status Flags
r-devel-linux-x86_64-debian-clang 0.9.1 2.62 39.03 41.65 NOTE
r-devel-linux-x86_64-debian-gcc 0.9.1 2.24 30.26 32.50 NOTE
r-devel-linux-x86_64-fedora-clang 0.9.1 63.24 NOTE
r-devel-linux-x86_64-fedora-gcc 0.9.1 74.16 NOTE
r-devel-windows-x86_64 0.9.1 4.00 60.00 64.00 NOTE
r-patched-linux-x86_64 0.9.1 2.73 35.96 38.69 NOTE
r-release-linux-x86_64 0.9.1 3.09 36.20 39.29 NOTE
r-release-macos-arm64 0.9.1 2.00 36.00 38.00 NOTE
r-release-macos-x86_64 0.9.1 3.00 54.00 57.00 NOTE
r-release-windows-x86_64 0.9.1 5.00 62.00 67.00 NOTE
r-oldrel-macos-arm64 0.9.1 2.00 28.00 30.00 NOTE
r-oldrel-macos-x86_64 0.9.1 2.00 39.00 41.00 NOTE
r-oldrel-windows-x86_64 0.9.1 6.00 72.00 78.00 NOTE

Check Details

Version: 0.9.1
Check: Rd files
Result: NOTE checkRd: (-1) code_sawtooth_design.Rd:53: Lost braces 53 | /url{http://www.sawtoothsoftware.com/help/lighthouse-studio/manual/index.html?hid_web_cbc_exporting.html} | ^ Flavors: r-devel-linux-x86_64-debian-clang, r-devel-linux-x86_64-debian-gcc, r-devel-linux-x86_64-fedora-clang, r-devel-linux-x86_64-fedora-gcc, r-devel-windows-x86_64, r-patched-linux-x86_64, r-release-linux-x86_64, r-release-macos-arm64, r-release-macos-x86_64, r-release-windows-x86_64, r-oldrel-macos-arm64, r-oldrel-macos-x86_64, r-oldrel-windows-x86_64