Last updated on 2025-10-22 01:51:36 CEST.
Flavor | Version | Tinstall | Tcheck | Ttotal | Status | Flags |
---|---|---|---|---|---|---|
r-devel-linux-x86_64-debian-clang | 3.7-0 | 3.94 | 36.37 | 40.31 | NOTE | |
r-devel-linux-x86_64-debian-gcc | 3.7-0 | 2.71 | 27.26 | 29.97 | NOTE | |
r-devel-linux-x86_64-fedora-clang | 3.7-0 | 60.10 | OK | |||
r-devel-linux-x86_64-fedora-gcc | 3.7-0 | 56.14 | OK | |||
r-devel-windows-x86_64 | 3.7-0 | 4.00 | 54.00 | 58.00 | OK | |
r-patched-linux-x86_64 | 3.7-0 | 3.82 | 34.24 | 38.06 | OK | |
r-release-linux-x86_64 | 3.7-0 | 3.36 | 34.46 | 37.82 | OK | |
r-release-macos-arm64 | 3.7-0 | 2.00 | 21.00 | 23.00 | OK | |
r-release-macos-x86_64 | 3.7-0 | 4.00 | 45.00 | 49.00 | OK | |
r-release-windows-x86_64 | 3.7-0 | 5.00 | 56.00 | 61.00 | OK | |
r-oldrel-macos-arm64 | 3.7-0 | 2.00 | 28.00 | 30.00 | OK | |
r-oldrel-macos-x86_64 | 3.7-0 | 4.00 | 46.00 | 50.00 | OK | |
r-oldrel-windows-x86_64 | 3.7-0 | 6.00 | 63.00 | 69.00 | OK |
Version: 3.7-0
Check: HTML version of manual
Result: NOTE
Found the following HTML validation problems:
setProviderCredentials.html:54:1 (setProviderCredentials.Rd:12): Warning: missing </ul> before </div>
Flavors: r-devel-linux-x86_64-debian-clang, r-devel-linux-x86_64-debian-gcc