Last updated on 2025-02-24 01:49:59 CET.
Flavor | Version | Tinstall | Tcheck | Ttotal | Status | Flags |
---|---|---|---|---|---|---|
r-devel-linux-x86_64-debian-clang | 0.2.10 | 28.75 | 48.35 | 77.10 | NOTE | |
r-devel-linux-x86_64-debian-gcc | 0.2.10 | 19.51 | 35.64 | 55.15 | NOTE | |
r-devel-linux-x86_64-fedora-clang | 0.2.10 | 140.23 | NOTE | |||
r-devel-linux-x86_64-fedora-gcc | 0.2.10 | 153.67 | NOTE | |||
r-devel-macos-arm64 | 0.2.10 | 41.00 | NOTE | |||
r-devel-macos-x86_64 | 0.2.10 | 73.00 | NOTE | |||
r-devel-windows-x86_64 | 0.2.10 | 36.00 | 97.00 | 133.00 | NOTE | |
r-patched-linux-x86_64 | 0.2.10 | 28.34 | 44.53 | 72.87 | NOTE | |
r-release-linux-x86_64 | 0.2.10 | 29.37 | 45.28 | 74.65 | NOTE | |
r-release-macos-arm64 | 0.2.10 | 45.00 | NOTE | |||
r-release-macos-x86_64 | 0.2.10 | 60.00 | NOTE | |||
r-release-windows-x86_64 | 0.2.10 | 34.00 | 83.00 | 117.00 | NOTE | |
r-oldrel-macos-arm64 | 0.2.10 | 47.00 | NOTE | |||
r-oldrel-macos-x86_64 | 0.2.10 | 76.00 | NOTE | |||
r-oldrel-windows-x86_64 | 0.2.10 | 42.00 | 101.00 | 143.00 | NOTE |
Version: 0.2.10
Check: C++ specification
Result: NOTE
Specified C++11: please drop specification unless essential
Flavors: r-devel-linux-x86_64-debian-clang, r-devel-linux-x86_64-debian-gcc, r-devel-linux-x86_64-fedora-clang, r-devel-linux-x86_64-fedora-gcc, r-devel-macos-arm64, r-devel-macos-x86_64, r-devel-windows-x86_64, r-patched-linux-x86_64, r-release-linux-x86_64, r-release-macos-arm64, r-release-macos-x86_64, r-release-windows-x86_64, r-oldrel-macos-arm64, r-oldrel-macos-x86_64, r-oldrel-windows-x86_64