Last updated on 2024-05-21 02:02:17 CEST.
Flavor | Version | Tinstall | Tcheck | Ttotal | Status | Flags |
---|---|---|---|---|---|---|
r-devel-linux-x86_64-debian-clang | 1.1.1 | 70.24 | 29.98 | 100.22 | NOTE | |
r-devel-linux-x86_64-debian-gcc | 1.1.1 | 46.96 | 22.72 | 69.68 | NOTE | |
r-devel-linux-x86_64-fedora-clang | 1.1.1 | 138.98 | NOTE | |||
r-devel-linux-x86_64-fedora-gcc | 1.1.1 | 131.52 | NOTE | |||
r-devel-windows-x86_64 | 1.1.1 | 50.00 | 66.00 | 116.00 | NOTE | |
r-patched-linux-x86_64 | 1.1.1 | 57.74 | 28.26 | 86.00 | NOTE | |
r-release-linux-x86_64 | 1.1.1 | 59.54 | 27.83 | 87.37 | NOTE | |
r-release-macos-arm64 | 1.1.1 | 32.00 | NOTE | |||
r-release-windows-x86_64 | 1.1.1 | 53.00 | 61.00 | 114.00 | NOTE | |
r-oldrel-macos-arm64 | 1.1.1 | 39.00 | NOTE | |||
r-oldrel-macos-x86_64 | 1.1.1 | 52.00 | NOTE | |||
r-oldrel-windows-x86_64 | 1.1.1 | 58.00 | 70.00 | 128.00 | NOTE |
Version: 1.1.1
Check: LazyData
Result: NOTE
'LazyData' is specified without a 'data' directory
Flavors: r-devel-linux-x86_64-debian-clang, r-devel-linux-x86_64-debian-gcc, r-devel-linux-x86_64-fedora-clang, r-devel-linux-x86_64-fedora-gcc, r-devel-windows-x86_64, r-patched-linux-x86_64, r-release-linux-x86_64, r-release-macos-arm64, r-release-windows-x86_64, r-oldrel-macos-arm64, r-oldrel-macos-x86_64, r-oldrel-windows-x86_64