Last updated on 2025-05-09 01:50:17 CEST.
Flavor | Version | Tinstall | Tcheck | Ttotal | Status | Flags |
---|---|---|---|---|---|---|
r-devel-linux-x86_64-debian-clang | 1.9.4.1 | 7.59 | 30.67 | 38.26 | NOTE | |
r-devel-linux-x86_64-debian-gcc | 1.9.4.1 | 5.32 | 22.85 | 28.17 | NOTE | |
r-devel-linux-x86_64-fedora-clang | 1.9.4.1 | 58.67 | OK | |||
r-devel-linux-x86_64-fedora-gcc | 1.9.4.1 | 59.32 | OK | |||
r-devel-windows-x86_64 | 1.9.4.1 | 12.00 | 54.00 | 66.00 | OK | |
r-patched-linux-x86_64 | 1.9.4.1 | 8.24 | 28.83 | 37.07 | OK | |
r-release-linux-x86_64 | 1.9.4.1 | 6.43 | 28.99 | 35.42 | OK | |
r-release-macos-arm64 | 1.9.4.1 | 22.00 | OK | |||
r-release-macos-x86_64 | 1.9.4.1 | 51.00 | OK | |||
r-release-windows-x86_64 | 1.9.4.1 | 12.00 | 58.00 | 70.00 | OK | |
r-oldrel-macos-arm64 | 1.9.4.1 | 26.00 | OK | |||
r-oldrel-macos-x86_64 | 1.9.4.1 | 44.00 | OK | |||
r-oldrel-windows-x86_64 | 1.9.4.1 | 13.00 | 55.00 | 68.00 | OK |
Version: 1.9.4.1
Check: CRAN incoming feasibility
Result: NOTE
Maintainer: ‘Houtao Deng <softwaredeng@gmail.com>’
Package CITATION file contains call(s) to old-style personList() or
as.personList(). Please use c() on person objects instead.
Package CITATION file contains call(s) to old-style citEntry(). Please
use bibentry() instead.
Flavors: r-devel-linux-x86_64-debian-clang, r-devel-linux-x86_64-debian-gcc