Last updated on 2024-05-21 02:02:19 CEST.
Flavor | Version | Tinstall | Tcheck | Ttotal | Status | Flags |
---|---|---|---|---|---|---|
r-devel-linux-x86_64-debian-clang | 2.3 | 6.20 | 53.60 | 59.80 | NOTE | |
r-devel-linux-x86_64-debian-gcc | 2.3 | 5.67 | 39.25 | 44.92 | NOTE | |
r-devel-linux-x86_64-fedora-clang | 2.3 | 74.49 | NOTE | |||
r-devel-linux-x86_64-fedora-gcc | 2.3 | 70.28 | NOTE | |||
r-devel-windows-x86_64 | 2.3 | 6.00 | 67.00 | 73.00 | NOTE | |
r-patched-linux-x86_64 | 2.3 | 8.30 | 51.02 | 59.32 | NOTE | |
r-release-linux-x86_64 | 2.3 | 6.17 | 50.97 | 57.14 | NOTE | |
r-release-macos-arm64 | 2.3 | 25.00 | NOTE | |||
r-release-windows-x86_64 | 2.3 | 6.00 | 68.00 | 74.00 | NOTE | |
r-oldrel-macos-arm64 | 2.3 | 25.00 | OK | |||
r-oldrel-macos-x86_64 | 2.3 | 82.00 | OK | |||
r-oldrel-windows-x86_64 | 2.3 | 7.00 | 72.00 | 79.00 | OK |
Version: 2.3
Check: Rd files
Result: NOTE
checkRd: (-1) plot.eff.ridge.Rd:6: Lost braces
6 | emph{Single Interior Knot} at the MSE Optimal m-Extent of Shrinkage. The
| ^
Flavors: r-devel-linux-x86_64-debian-clang, r-devel-linux-x86_64-debian-gcc, r-devel-linux-x86_64-fedora-clang, r-devel-linux-x86_64-fedora-gcc, r-devel-windows-x86_64, r-patched-linux-x86_64, r-release-linux-x86_64, r-release-macos-arm64, r-release-windows-x86_64