Last updated on 2025-05-07 01:50:09 CEST.
Flavor | Version | Tinstall | Tcheck | Ttotal | Status | Flags |
---|---|---|---|---|---|---|
r-devel-linux-x86_64-debian-clang | 1.0.0 | 32.21 | 24.64 | 56.85 | OK | |
r-devel-linux-x86_64-debian-gcc | 1.0.0 | 25.95 | 19.60 | 45.55 | OK | |
r-devel-linux-x86_64-fedora-clang | 1.0.0 | 92.46 | OK | |||
r-devel-linux-x86_64-fedora-gcc | 1.0.0 | 110.15 | OK | |||
r-devel-windows-x86_64 | 1.0.0 | 35.00 | 60.00 | 95.00 | OK | |
r-patched-linux-x86_64 | 1.0.0 | 33.65 | 22.73 | 56.38 | OK | |
r-release-linux-x86_64 | 1.0.0 | 29.47 | 22.54 | 52.01 | OK | |
r-release-macos-arm64 | 1.0.0 | 29.00 | OK | |||
r-release-macos-x86_64 | 1.0.0 | 49.00 | OK | |||
r-release-windows-x86_64 | 1.0.0 | 35.00 | 71.00 | 106.00 | OK | |
r-oldrel-macos-arm64 | 1.0.0 | 28.00 | NOTE | |||
r-oldrel-macos-x86_64 | 1.0.0 | 41.00 | NOTE | |||
r-oldrel-windows-x86_64 | 1.0.0 | 40.00 | 78.00 | 118.00 | OK |
Version: 1.0.0
Check: installed package size
Result: NOTE
installed size is 14.7Mb
sub-directories of 1Mb or more:
libs 14.6Mb
Flavors: r-oldrel-macos-arm64, r-oldrel-macos-x86_64