Last updated on 2025-04-30 02:50:49 CEST.
Flavor | Version | Tinstall | Tcheck | Ttotal | Status | Flags |
---|---|---|---|---|---|---|
r-devel-linux-x86_64-debian-clang | 1.2.2 | 19.20 | 139.90 | 159.10 | NOTE | |
r-devel-linux-x86_64-debian-gcc | 1.2.2 | 14.93 | 97.24 | 112.17 | NOTE | |
r-devel-linux-x86_64-fedora-clang | 1.2.2 | 267.71 | OK | |||
r-devel-linux-x86_64-fedora-gcc | 1.2.2 | 256.52 | OK | |||
r-devel-windows-x86_64 | 1.2.2 | 25.00 | 208.00 | 233.00 | OK | |
r-patched-linux-x86_64 | 1.2.2 | 19.05 | 130.89 | 149.94 | OK | |
r-release-linux-x86_64 | 1.2.2 | 18.40 | 129.41 | 147.81 | OK | |
r-release-macos-arm64 | 1.2.2 | 67.00 | OK | |||
r-release-macos-x86_64 | 1.2.2 | 139.00 | OK | |||
r-release-windows-x86_64 | 1.2.2 | 29.00 | 213.00 | 242.00 | OK | |
r-oldrel-macos-arm64 | 1.2.2 | 68.00 | OK | |||
r-oldrel-macos-x86_64 | 1.2.2 | 103.00 | OK | |||
r-oldrel-windows-x86_64 | 1.2.2 | 26.00 | 182.00 | 208.00 | OK |
Version: 1.2.2
Check: CRAN incoming feasibility
Result: NOTE
Maintainer: ‘Andrew Heiss <andrew@andrewheiss.com>’
No Authors@R field in DESCRIPTION.
Please add one, modifying
Authors@R: c(person(given = "Andrew",
family = "Heiss",
role = c("aut", "cre"),
email = "andrew@andrewheiss.com"),
person(given = "Richard",
family = "Payne",
role = "aut"),
person(given = "Christa",
family = "Schank",
role = "aut"),
person(given = "Jessica",
family = "Reese",
role = "aut"))
as necessary.
Flavors: r-devel-linux-x86_64-debian-clang, r-devel-linux-x86_64-debian-gcc