Last updated on 2025-11-16 01:49:27 CET.
| Flavor | Version | Tinstall | Tcheck | Ttotal | Status | Flags |
|---|---|---|---|---|---|---|
| r-devel-linux-x86_64-debian-clang | 5.1-2 | 18.41 | 165.31 | 183.72 | OK | |
| r-devel-linux-x86_64-debian-gcc | 5.1-2 | 15.68 | 126.73 | 142.41 | OK | |
| r-devel-linux-x86_64-fedora-clang | 5.1-2 | 44.00 | 252.42 | 296.42 | OK | |
| r-devel-linux-x86_64-fedora-gcc | 5.1-2 | 46.00 | 248.19 | 294.19 | OK | |
| r-devel-windows-x86_64 | 5.1-2 | 55.00 | 244.00 | 299.00 | OK | |
| r-patched-linux-x86_64 | 5.1-2 | 19.73 | 163.25 | 182.98 | OK | |
| r-release-linux-x86_64 | 5.1-2 | 19.17 | 162.54 | 181.71 | OK | |
| r-release-macos-arm64 | 5.1-2 | 12.00 | 99.00 | 111.00 | OK | |
| r-release-macos-x86_64 | 5.1-2 | 19.00 | 153.00 | 172.00 | OK | |
| r-release-windows-x86_64 | 5.1-2 | 33.00 | 244.00 | 277.00 | OK | |
| r-oldrel-macos-arm64 | 5.1-2 | 14.00 | 97.00 | 111.00 | NOTE | |
| r-oldrel-macos-x86_64 | 5.1-2 | 20.00 | 118.00 | 138.00 | NOTE | |
| r-oldrel-windows-x86_64 | 5.1-2 | 27.00 | 195.00 | 222.00 | NOTE |
Version: 5.1-2
Check: package dependencies
Result: NOTE
Depends: includes the non-default packages:
'IQCC', 'qcc', 'qicharts2', 'randtests', 'rmarkdown',
'TeachingDemos', 'tseries'
Adding so many packages to the search path is excessive and importing
selectively is preferable.
Flavors: r-oldrel-macos-arm64, r-oldrel-macos-x86_64, r-oldrel-windows-x86_64