Last updated on 2025-02-17 01:50:35 CET.
Flavor | Version | Tinstall | Tcheck | Ttotal | Status | Flags |
---|---|---|---|---|---|---|
r-devel-linux-x86_64-debian-clang | 5.1-2 | 19.48 | 152.75 | 172.23 | OK | |
r-devel-linux-x86_64-debian-gcc | 5.1-2 | 15.29 | 115.02 | 130.31 | OK | |
r-devel-linux-x86_64-fedora-clang | 5.1-2 | 302.21 | OK | |||
r-devel-linux-x86_64-fedora-gcc | 5.1-2 | 301.63 | OK | |||
r-devel-macos-arm64 | 5.1-2 | 117.00 | OK | |||
r-devel-macos-x86_64 | 5.1-2 | 172.00 | OK | |||
r-devel-windows-x86_64 | 5.1-2 | 18.00 | 144.00 | 162.00 | OK | |
r-patched-linux-x86_64 | 5.1-2 | 17.62 | 144.26 | 161.88 | NOTE | |
r-release-linux-x86_64 | 5.1-2 | 17.73 | 145.97 | 163.70 | NOTE | |
r-release-macos-arm64 | 5.1-2 | 111.00 | NOTE | |||
r-release-macos-x86_64 | 5.1-2 | 138.00 | NOTE | |||
r-release-windows-x86_64 | 5.1-2 | 24.00 | 215.00 | 239.00 | NOTE | |
r-oldrel-macos-arm64 | 5.1-2 | 87.00 | NOTE | |||
r-oldrel-macos-x86_64 | 5.1-2 | 163.00 | NOTE | |||
r-oldrel-windows-x86_64 | 5.1-2 | 25.00 | 186.00 | 211.00 | NOTE |
Version: 5.1-2
Check: package dependencies
Result: NOTE
Depends: includes the non-default packages:
'IQCC', 'qcc', 'qicharts2', 'randtests', 'rmarkdown',
'TeachingDemos', 'tseries'
Adding so many packages to the search path is excessive and importing
selectively is preferable.
Flavors: r-patched-linux-x86_64, r-release-linux-x86_64, r-release-macos-arm64, r-release-macos-x86_64, r-release-windows-x86_64, r-oldrel-macos-arm64, r-oldrel-macos-x86_64, r-oldrel-windows-x86_64