Last updated on 2024-05-21 02:02:15 CEST.
Flavor | Version | Tinstall | Tcheck | Ttotal | Status | Flags |
---|---|---|---|---|---|---|
r-devel-linux-x86_64-debian-clang | 0.3-6 | 0.47 | 2.09 | 2.56 | ERROR | --install=fake --no-examples --no-tests --no-vignettes |
r-devel-linux-x86_64-debian-gcc | 0.3-6 | 1.48 | 21.19 | 22.67 | OK | --install=fake --no-examples --no-tests --no-vignettes |
r-patched-linux-x86_64 | 0.3-6 | 0.45 | 1.98 | 2.43 | ERROR | --install=fake --no-examples --no-tests --no-vignettes |
r-release-linux-x86_64 | 0.3-6 | 0.46 | 2.07 | 2.53 | ERROR | --install=fake --no-examples --no-tests --no-vignettes |
r-release-macos-arm64 | 0.3-6 | 6.00 | ERROR | |||
r-release-macos-x86_64 | 0.3-6 | 12.00 | ERROR | |||
r-release-windows-x86_64 | 0.3-6 | 10.00 | 6.00 | 16.00 | ERROR | |
r-oldrel-macos-arm64 | 0.3-6 | 17.00 | ERROR | |||
r-oldrel-macos-x86_64 | 0.3-6 | 15.00 | ERROR | |||
r-oldrel-windows-x86_64 | 0.3-5 | 3.00 | 7.00 | 10.00 | ERROR |
Version: 0.3-6
Flags: --install=fake --no-examples --no-tests --no-vignettes
Check: whether package can be installed
Result: ERROR
Installation failed.
Flavors: r-devel-linux-x86_64-debian-clang, r-patched-linux-x86_64, r-release-linux-x86_64
Version: 0.3-6
Check: whether package can be installed
Result: ERROR
Installation failed.
Flavors: r-release-macos-arm64, r-release-macos-x86_64, r-release-windows-x86_64, r-oldrel-macos-arm64, r-oldrel-macos-x86_64
Version: 0.3-5
Check: whether package can be installed
Result: ERROR
Installation failed.
Flavor: r-oldrel-windows-x86_64