Last updated on 2025-04-30 01:50:33 CEST.
Flavor | Version | Tinstall | Tcheck | Ttotal | Status | Flags |
---|---|---|---|---|---|---|
r-devel-linux-x86_64-debian-clang | 1.3.1 | 9.59 | 230.76 | 240.35 | NOTE | |
r-devel-linux-x86_64-debian-gcc | 1.3.1 | 5.67 | 156.00 | 161.67 | OK | |
r-devel-linux-x86_64-fedora-clang | 1.3.1 | 413.06 | OK | |||
r-devel-linux-x86_64-fedora-gcc | 1.3.1 | 386.85 | OK | |||
r-devel-windows-x86_64 | 1.3.1 | 12.00 | 211.00 | 223.00 | OK | |
r-patched-linux-x86_64 | 1.3.1 | 7.81 | 222.15 | 229.96 | OK | |
r-release-linux-x86_64 | 1.3.1 | 8.69 | 222.30 | 230.99 | OK | |
r-release-macos-arm64 | 1.3.1 | 252.00 | OK | |||
r-release-macos-x86_64 | 1.3.1 | 223.00 | OK | |||
r-release-windows-x86_64 | 1.3.1 | 11.00 | 208.00 | 219.00 | OK | |
r-oldrel-macos-arm64 | 1.3.1 | 255.00 | OK | |||
r-oldrel-macos-x86_64 | 1.3.1 | 166.00 | OK | |||
r-oldrel-windows-x86_64 | 1.3.1 | 13.00 | 280.00 | 293.00 | OK |
Version: 1.3.1
Check: examples
Result: NOTE
Examples with CPU (user + system) or elapsed time > 5s
user system elapsed
summarize_rcurvep_output 4.172 0.031 5.029
Flavor: r-devel-linux-x86_64-debian-clang