Last updated on 2025-02-10 02:50:02 CET.
Flavor | Version | Tinstall | Tcheck | Ttotal | Status | Flags |
---|---|---|---|---|---|---|
r-devel-linux-x86_64-debian-clang | 1.0-32 | 1.66 | 26.19 | 27.85 | NOTE | |
r-devel-linux-x86_64-debian-gcc | 1.0-32 | 1.51 | 21.39 | 22.90 | NOTE | |
r-devel-linux-x86_64-fedora-clang | 1.0-32 | 45.88 | NOTE | |||
r-devel-linux-x86_64-fedora-gcc | 1.0-32 | 58.36 | NOTE | |||
r-devel-windows-x86_64 | 1.0-32 | 4.00 | 64.00 | 68.00 | NOTE | |
r-patched-linux-x86_64 | 1.0-32 | 2.32 | 25.01 | 27.33 | NOTE | |
r-release-linux-x86_64 | 1.0-32 | 1.96 | 25.07 | 27.03 | NOTE | |
r-release-macos-arm64 | 1.0-32 | 23.00 | NOTE | |||
r-release-macos-x86_64 | 1.0-32 | 36.00 | NOTE | |||
r-release-windows-x86_64 | 1.0-32 | 3.00 | 64.00 | 67.00 | NOTE | |
r-oldrel-macos-arm64 | 1.0-32 | 29.00 | OK | |||
r-oldrel-macos-x86_64 | 1.0-32 | 40.00 | OK | |||
r-oldrel-windows-x86_64 | 1.0-32 | 4.00 | 59.00 | 63.00 | OK |
Version: 1.0-32
Check: Rd files
Result: NOTE
checkRd: (-1) resistance.Rd:52: Lost braces
52 | \item B. Bollob\'{a}s, 1998. \emph{Modern Graph Theory}. Springer.
| ^
Flavors: r-devel-linux-x86_64-debian-clang, r-devel-linux-x86_64-debian-gcc, r-devel-linux-x86_64-fedora-clang, r-devel-linux-x86_64-fedora-gcc, r-devel-windows-x86_64, r-patched-linux-x86_64, r-release-linux-x86_64, r-release-macos-arm64, r-release-macos-x86_64, r-release-windows-x86_64