Last updated on 2025-05-01 01:49:44 CEST.
Flavor | Version | Tinstall | Tcheck | Ttotal | Status | Flags |
---|---|---|---|---|---|---|
r-devel-linux-x86_64-debian-clang | 1.0.1 | 13.50 | 208.66 | 222.16 | NOTE | |
r-devel-linux-x86_64-debian-gcc | 1.0.1 | 10.51 | 140.61 | 151.12 | OK | |
r-devel-linux-x86_64-fedora-clang | 1.0.1 | 352.63 | OK | |||
r-devel-linux-x86_64-fedora-gcc | 1.0.1 | 373.94 | OK | |||
r-devel-windows-x86_64 | 1.0.1 | 17.00 | 246.00 | 263.00 | OK | |
r-patched-linux-x86_64 | 1.0.1 | 15.58 | 196.72 | 212.30 | OK | |
r-release-linux-x86_64 | 1.0.1 | 13.68 | 196.49 | 210.17 | OK | |
r-release-macos-arm64 | 1.0.1 | 95.00 | OK | |||
r-release-macos-x86_64 | 1.0.1 | 222.00 | OK | |||
r-release-windows-x86_64 | 1.0.1 | 16.00 | 250.00 | 266.00 | OK | |
r-oldrel-macos-arm64 | 1.0.1 | 107.00 | OK | |||
r-oldrel-macos-x86_64 | 1.0.1 | 239.00 | OK | |||
r-oldrel-windows-x86_64 | 1.0.1 | 19.00 | 296.00 | 315.00 | OK |
Version: 1.0.1
Check: examples
Result: NOTE
Examples with CPU (user + system) or elapsed time > 5s
user system elapsed
rc_gof 4.183 0.047 5.014
marginaltransformation 4.098 0.058 5.269
Flavor: r-devel-linux-x86_64-debian-clang