Last updated on 2025-10-25 01:51:15 CEST.
| Flavor | Version | Tinstall | Tcheck | Ttotal | Status | Flags |
|---|---|---|---|---|---|---|
| r-devel-linux-x86_64-debian-clang | 0.2.6 | 39.82 | 29.74 | 69.56 | OK | |
| r-devel-linux-x86_64-debian-gcc | 0.2.6 | 25.35 | 23.49 | 48.84 | OK | |
| r-devel-linux-x86_64-fedora-clang | 0.2.6 | 288.00 | -155.55 | 132.45 | OK | |
| r-devel-linux-x86_64-fedora-gcc | 0.2.6 | 87.00 | 31.74 | 118.74 | OK | |
| r-devel-windows-x86_64 | 0.2.6 | 46.00 | 69.00 | 115.00 | OK | |
| r-patched-linux-x86_64 | 0.2.6 | 39.07 | 27.64 | 66.71 | OK | |
| r-release-linux-x86_64 | 0.2.6 | 42.43 | 27.48 | 69.91 | OK | |
| r-release-macos-arm64 | 0.2.6 | 15.00 | 18.00 | 33.00 | OK | |
| r-release-macos-x86_64 | 0.2.6 | 36.00 | 30.00 | 66.00 | OK | |
| r-release-windows-x86_64 | 0.2.6 | 47.00 | 71.00 | 118.00 | OK | |
| r-oldrel-macos-arm64 | 0.2.6 | 16.00 | 24.00 | 40.00 | NOTE | |
| r-oldrel-macos-x86_64 | 0.2.6 | 32.00 | 36.00 | 68.00 | NOTE | |
| r-oldrel-windows-x86_64 | 0.2.6 | 53.00 | 84.00 | 137.00 | OK |
Version: 0.2.6
Check: installed package size
Result: NOTE
installed size is 5.8Mb
sub-directories of 1Mb or more:
libs 5.6Mb
Flavors: r-oldrel-macos-arm64, r-oldrel-macos-x86_64