Last updated on 2025-05-01 01:49:45 CEST.
Flavor | Version | Tinstall | Tcheck | Ttotal | Status | Flags |
---|---|---|---|---|---|---|
r-devel-linux-x86_64-debian-clang | 0.2-2 | 1334.03 | 196.85 | 1530.88 | NOTE | |
r-devel-linux-x86_64-debian-gcc | 0.2-2 | 1157.74 | 225.15 | 1382.89 | NOTE | |
r-devel-linux-x86_64-fedora-clang | 0.2-3 | 2497.89 | OK | |||
r-devel-linux-x86_64-fedora-gcc | 0.2-3 | 3083.61 | OK | |||
r-devel-windows-x86_64 | 0.2-2 | 1366.00 | 326.00 | 1692.00 | OK | |
r-patched-linux-x86_64 | 0.2-2 | 1534.37 | 313.08 | 1847.45 | NOTE | |
r-release-linux-x86_64 | 0.2-2 | 1530.95 | 314.53 | 1845.48 | NOTE | |
r-release-macos-arm64 | 0.2-3 | 447.00 | OK | |||
r-release-macos-x86_64 | 0.2-3 | 428.00 | OK | |||
r-release-windows-x86_64 | 0.2-2 | 1378.00 | 327.00 | 1705.00 | OK | |
r-oldrel-macos-arm64 | 0.2-3 | 509.00 | NOTE | |||
r-oldrel-macos-x86_64 | 0.2-3 | 513.00 | NOTE | |||
r-oldrel-windows-x86_64 | 0.2-2 | 1506.00 | 403.00 | 1909.00 | NOTE |
Version: 0.2-2
Check: for unstated dependencies in ‘demo’
Result: NOTE
'library' or 'require' calls not declared from:
‘Mcomp’ ‘RODBC’ ‘dplyr’ ‘ggplot2’
Flavors: r-devel-linux-x86_64-debian-clang, r-devel-linux-x86_64-debian-gcc, r-patched-linux-x86_64, r-release-linux-x86_64
Version: 0.2-3
Check: installed package size
Result: NOTE
installed size is 161.2Mb
sub-directories of 1Mb or more:
libs 160.2Mb
Flavors: r-oldrel-macos-arm64, r-oldrel-macos-x86_64
Version: 0.2-3
Check: for GNU extensions in Makefiles
Result: NOTE
GNU make is a SystemRequirements.
Flavors: r-oldrel-macos-arm64, r-oldrel-macos-x86_64
Version: 0.2-2
Check: installed package size
Result: NOTE
installed size is 11.2Mb
sub-directories of 1Mb or more:
libs 10.3Mb
Flavor: r-oldrel-windows-x86_64
Version: 0.2-2
Check: for GNU extensions in Makefiles
Result: NOTE
GNU make is a SystemRequirements.
Flavor: r-oldrel-windows-x86_64