Last updated on 2025-02-05 02:49:00 CET.
Flavor | Version | Tinstall | Tcheck | Ttotal | Status | Flags |
---|---|---|---|---|---|---|
r-devel-linux-x86_64-debian-clang | 1.3.2 | 30.57 | 166.90 | 197.47 | OK | |
r-devel-linux-x86_64-debian-gcc | 1.3.2 | 20.00 | 122.55 | 142.55 | OK | |
r-devel-linux-x86_64-fedora-clang | 1.3.2 | 327.07 | NOTE | |||
r-devel-linux-x86_64-fedora-gcc | 1.3.2 | 334.65 | NOTE | |||
r-devel-windows-x86_64 | 1.3.2 | 30.00 | 182.00 | 212.00 | OK | |
r-patched-linux-x86_64 | 1.3.2 | 29.85 | 157.03 | 186.88 | OK | |
r-release-linux-x86_64 | 1.3.2 | 30.36 | 155.77 | 186.13 | OK | |
r-release-macos-arm64 | 1.3.2 | 95.00 | OK | |||
r-release-macos-x86_64 | 1.3.2 | 227.00 | OK | |||
r-release-windows-x86_64 | 1.3.2 | 33.00 | 180.00 | 213.00 | OK | |
r-oldrel-macos-arm64 | 1.3.2 | 96.00 | NOTE | |||
r-oldrel-macos-x86_64 | 1.3.2 | 243.00 | OK | |||
r-oldrel-windows-x86_64 | 1.3.2 | 40.00 | 230.00 | 270.00 | OK |
Version: 1.3.2
Check: dependencies in R code
Result: NOTE
Namespace in Imports field not imported from: ‘impute’
All declared Imports should be used.
Flavors: r-devel-linux-x86_64-fedora-clang, r-devel-linux-x86_64-fedora-gcc
Version: 1.3.2
Check: installed package size
Result: NOTE
installed size is 5.1Mb
sub-directories of 1Mb or more:
doc 2.0Mb
libs 1.7Mb
Flavor: r-oldrel-macos-arm64