Last updated on 2025-02-20 01:50:45 CET.
Flavor | Version | Tinstall | Tcheck | Ttotal | Status | Flags |
---|---|---|---|---|---|---|
r-devel-linux-x86_64-debian-clang | 1.0.2 | 22.33 | 94.46 | 116.79 | NOTE | |
r-devel-linux-x86_64-debian-gcc | 1.0.2 | 16.16 | 65.20 | 81.36 | NOTE | |
r-devel-linux-x86_64-fedora-clang | 1.0.2 | 212.62 | NOTE | |||
r-devel-linux-x86_64-fedora-gcc | 1.0.2 | 207.96 | NOTE | |||
r-devel-macos-arm64 | 1.0.2 | 90.00 | OK | |||
r-devel-macos-x86_64 | 1.0.2 | 178.00 | OK | |||
r-devel-windows-x86_64 | 1.0.2 | 37.00 | 133.00 | 170.00 | OK | |
r-patched-linux-x86_64 | 1.0.2 | 19.97 | 88.33 | 108.30 | OK | |
r-release-linux-x86_64 | 1.0.2 | 20.32 | 86.39 | 106.71 | OK | |
r-release-macos-arm64 | 1.0.2 | 96.00 | OK | |||
r-release-macos-x86_64 | 1.0.2 | 139.00 | OK | |||
r-release-windows-x86_64 | 1.0.2 | 37.00 | 135.00 | 172.00 | OK | |
r-oldrel-macos-arm64 | 1.0.2 | 79.00 | OK | |||
r-oldrel-macos-x86_64 | 1.0.2 | 172.00 | OK | |||
r-oldrel-windows-x86_64 | 1.0.2 | 43.00 | 181.00 | 224.00 | OK |
Version: 1.0.2
Check: top-level files
Result: NOTE
possible bashism in configure.ac line 34 (test -a/-o):
if test [ -z "${JAGS_LIBS}" -a -z "${JAGS_CFLAGS}" ] ; then
Flavors: r-devel-linux-x86_64-debian-clang, r-devel-linux-x86_64-debian-gcc, r-devel-linux-x86_64-fedora-clang, r-devel-linux-x86_64-fedora-gcc