Last updated on 2025-04-30 02:50:50 CEST.
Flavor | Version | Tinstall | Tcheck | Ttotal | Status | Flags |
---|---|---|---|---|---|---|
r-devel-linux-x86_64-debian-clang | 1.0.2 | 244.11 | 84.88 | 328.99 | NOTE | |
r-devel-linux-x86_64-debian-gcc | 1.0.2 | 184.32 | 77.31 | 261.63 | NOTE | |
r-devel-linux-x86_64-fedora-clang | 1.0.2 | 594.76 | OK | |||
r-devel-linux-x86_64-fedora-gcc | 1.0.2 | 618.58 | OK | |||
r-devel-windows-x86_64 | 1.0.2 | 269.00 | 132.00 | 401.00 | OK | |
r-patched-linux-x86_64 | 1.0.2 | 256.68 | 106.57 | 363.25 | OK | |
r-release-linux-x86_64 | 1.0.2 | 256.35 | 106.29 | 362.64 | OK | |
r-release-macos-arm64 | 1.0.2 | 128.00 | OK | |||
r-release-macos-x86_64 | 1.0.2 | 137.00 | OK | |||
r-release-windows-x86_64 | 1.0.2 | 270.00 | 130.00 | 400.00 | OK | |
r-oldrel-macos-arm64 | 1.0.2 | 137.00 | NOTE | |||
r-oldrel-macos-x86_64 | 1.0.2 | 128.00 | NOTE | |||
r-oldrel-windows-x86_64 | 1.0.2 | 285.00 | 159.00 | 444.00 | OK |
Version: 1.0.2
Check: CRAN incoming feasibility
Result: NOTE
Maintainer: ‘Daniel Grose <dan.grose@lancaster.ac.uk>’
The Description field contains
(2014) <arXiv:1204.3358> and Agamennoni et al. (2018)
of Ruckdeschel et al. (2014) <arXiv:1204.3358>, as well as the
<arXiv:2007.03238>.
Please refer to arXiv e-prints via their arXiv DOI <doi:10.48550/arXiv.YYMM.NNNNN>.
Flavors: r-devel-linux-x86_64-debian-clang, r-devel-linux-x86_64-debian-gcc
Version: 1.0.2
Check: installed package size
Result: NOTE
installed size is 40.5Mb
sub-directories of 1Mb or more:
libs 40.3Mb
Flavors: r-oldrel-macos-arm64, r-oldrel-macos-x86_64