Last updated on 2025-05-09 01:50:17 CEST.
Flavor | Version | Tinstall | Tcheck | Ttotal | Status | Flags |
---|---|---|---|---|---|---|
r-devel-linux-x86_64-debian-clang | 1.2.0 | 1.87 | 16.34 | 18.21 | NOTE | |
r-devel-linux-x86_64-debian-gcc | 1.2.0 | 1.27 | 13.62 | 14.89 | NOTE | |
r-devel-linux-x86_64-fedora-clang | 1.2.0 | 28.07 | OK | |||
r-devel-linux-x86_64-fedora-gcc | 1.2.0 | 27.08 | OK | |||
r-devel-windows-x86_64 | 1.2.0 | 3.00 | 34.00 | 37.00 | OK | |
r-patched-linux-x86_64 | 1.2.0 | 1.45 | 15.83 | 17.28 | OK | |
r-release-linux-x86_64 | 1.2.0 | 1.69 | 15.84 | 17.53 | OK | |
r-release-macos-arm64 | 1.2.0 | 14.00 | OK | |||
r-release-macos-x86_64 | 1.2.0 | 22.00 | OK | |||
r-release-windows-x86_64 | 1.2.0 | 3.00 | 34.00 | 37.00 | OK | |
r-oldrel-macos-arm64 | 1.2.0 | 14.00 | NOTE | |||
r-oldrel-macos-x86_64 | 1.2.0 | 18.00 | NOTE | |||
r-oldrel-windows-x86_64 | 1.2.0 | 2.00 | 34.00 | 36.00 | NOTE |
Version: 1.2.0
Check: CRAN incoming feasibility
Result: NOTE
Maintainer: ‘Santiago I. Hurtado <santih@carina.fcaglp.unlp.edu.ar>’
No Authors@R field in DESCRIPTION.
Please add one, modifying
Authors@R: person(given = c("Santiago", "I."),
family = "Hurtado",
role = c("aut", "cre"),
email = "santih@carina.fcaglp.unlp.edu.ar")
as necessary.
Flavors: r-devel-linux-x86_64-debian-clang, r-devel-linux-x86_64-debian-gcc
Version: 1.2.0
Check: LazyData
Result: NOTE
'LazyData' is specified without a 'data' directory
Flavors: r-oldrel-macos-arm64, r-oldrel-macos-x86_64, r-oldrel-windows-x86_64