Last updated on 2024-05-21 02:02:18 CEST.
Flavor | Version | Tinstall | Tcheck | Ttotal | Status | Flags |
---|---|---|---|---|---|---|
r-devel-linux-x86_64-debian-clang | 2.0.3 | 73.41 | 344.57 | 417.98 | OK | |
r-devel-linux-x86_64-debian-gcc | 2.0.3 | 51.92 | 236.94 | 288.86 | OK | |
r-devel-linux-x86_64-fedora-clang | 2.0.3 | 504.21 | NOTE | |||
r-devel-linux-x86_64-fedora-gcc | 2.0.3 | 472.20 | OK | |||
r-devel-windows-x86_64 | 2.0.3 | 54.00 | 202.00 | 256.00 | NOTE | |
r-patched-linux-x86_64 | 2.0.3 | 48.95 | 318.66 | 367.61 | OK | |
r-release-linux-x86_64 | 2.0.3 | 48.10 | 319.70 | 367.80 | OK | |
r-release-macos-arm64 | 2.0.3 | 115.00 | NOTE | |||
r-release-windows-x86_64 | 2.0.3 | 52.00 | 200.00 | 252.00 | NOTE | |
r-oldrel-macos-arm64 | 2.0.3 | 118.00 | NOTE | |||
r-oldrel-macos-x86_64 | 2.0.3 | 254.00 | NOTE | |||
r-oldrel-windows-x86_64 | 2.0.3 | 72.00 | 273.00 | 345.00 | NOTE |
Version: 2.0.3
Check: installed package size
Result: NOTE
installed size is 5.2Mb
sub-directories of 1Mb or more:
R 5.0Mb
Flavors: r-devel-linux-x86_64-fedora-clang, r-devel-windows-x86_64, r-release-macos-arm64, r-release-windows-x86_64, r-oldrel-macos-arm64, r-oldrel-macos-x86_64, r-oldrel-windows-x86_64