CRAN Package Check Results for Package Rwclust

Last updated on 2025-04-29 01:49:47 CEST.

Flavor Version Tinstall Tcheck Ttotal Status Flags
r-devel-linux-x86_64-debian-clang 0.1.0 1.92 30.68 32.60 OK
r-devel-linux-x86_64-debian-gcc 0.1.0 1.68 25.84 27.52 NOTE
r-devel-linux-x86_64-fedora-clang 0.1.0 51.51 OK
r-devel-linux-x86_64-fedora-gcc 0.1.0 63.44 OK
r-devel-windows-x86_64 0.1.0 3.00 51.00 54.00 OK
r-patched-linux-x86_64 0.1.0 1.94 29.54 31.48 OK
r-release-linux-x86_64 0.1.0 1.84 29.91 31.75 OK
r-release-macos-arm64 0.1.0 36.00 OK
r-release-macos-x86_64 0.1.0 50.00 OK
r-release-windows-x86_64 0.1.0 3.00 54.00 57.00 OK
r-oldrel-macos-arm64 0.1.0 26.00 OK
r-oldrel-macos-x86_64 0.1.0 50.00 OK
r-oldrel-windows-x86_64 0.1.0 4.00 54.00 58.00 OK

Check Details

Version: 0.1.0
Check: CRAN incoming feasibility
Result: NOTE Maintainer: ‘Carson Sprock <csprock@gmail.com>’ The Description field contains <https://link.springer.com/chapter/10.1007/3-540-45294-X_3>. Please use permanent DOI markup for linking to publications as in <doi:prefix/suffix>. Flavor: r-devel-linux-x86_64-debian-gcc