Last updated on 2025-02-07 02:48:40 CET.
Flavor | Version | Tinstall | Tcheck | Ttotal | Status | Flags |
---|---|---|---|---|---|---|
r-devel-linux-x86_64-debian-clang | 0.2.4 | 21.62 | 27.03 | 48.65 | NOTE | |
r-devel-linux-x86_64-debian-gcc | 0.2.4 | 13.95 | 21.65 | 35.60 | NOTE | |
r-devel-linux-x86_64-fedora-clang | 0.2.4 | 88.02 | NOTE | |||
r-devel-linux-x86_64-fedora-gcc | 0.2.4 | 86.37 | NOTE | |||
r-devel-windows-x86_64 | 0.2.4 | 24.00 | 69.00 | 93.00 | NOTE | |
r-patched-linux-x86_64 | 0.2.4 | 21.11 | 25.71 | 46.82 | NOTE | |
r-release-linux-x86_64 | 0.2.4 | 20.13 | 25.85 | 45.98 | NOTE | |
r-release-macos-arm64 | 0.2.4 | 28.00 | NOTE | |||
r-release-macos-x86_64 | 0.2.4 | 46.00 | NOTE | |||
r-release-windows-x86_64 | 0.2.4 | 24.00 | 69.00 | 93.00 | NOTE | |
r-oldrel-macos-arm64 | 0.2.4 | 30.00 | NOTE | |||
r-oldrel-macos-x86_64 | 0.2.4 | 47.00 | NOTE | |||
r-oldrel-windows-x86_64 | 0.2.4 | 29.00 | 78.00 | 107.00 | NOTE |
Version: 0.2.4
Check: C++ specification
Result: NOTE
Specified C++11: please drop specification unless essential
Flavors: r-devel-linux-x86_64-debian-clang, r-devel-linux-x86_64-debian-gcc, r-devel-linux-x86_64-fedora-clang, r-devel-linux-x86_64-fedora-gcc, r-devel-windows-x86_64, r-patched-linux-x86_64, r-release-linux-x86_64, r-release-macos-arm64, r-release-macos-x86_64, r-release-windows-x86_64, r-oldrel-macos-arm64, r-oldrel-macos-x86_64, r-oldrel-windows-x86_64