Last updated on 2025-05-04 02:50:17 CEST.
Flavor | Version | Tinstall | Tcheck | Ttotal | Status | Flags |
---|---|---|---|---|---|---|
r-devel-linux-x86_64-debian-clang | 1.1.3 | 59.19 | 36.83 | 96.02 | NOTE | |
r-devel-linux-x86_64-debian-gcc | 1.1.3 | 47.88 | 33.02 | 80.90 | NOTE | |
r-devel-linux-x86_64-fedora-clang | 1.1.3 | 159.57 | NOTE | |||
r-devel-linux-x86_64-fedora-gcc | 1.1.3 | 200.26 | NOTE | |||
r-devel-windows-x86_64 | 1.1.3 | 58.00 | 90.00 | 148.00 | NOTE | |
r-patched-linux-x86_64 | 1.1.3 | 56.71 | 42.37 | 99.08 | NOTE | |
r-release-linux-x86_64 | NOTE | |||||
r-release-macos-arm64 | 1.1.3 | 52.00 | NOTE | |||
r-release-macos-x86_64 | 1.1.3 | 78.00 | NOTE | |||
r-release-windows-x86_64 | 1.1.3 | 56.00 | 82.00 | 138.00 | NOTE | |
r-oldrel-macos-arm64 | 1.1.3 | 46.00 | NOTE | |||
r-oldrel-macos-x86_64 | 1.1.3 | 60.00 | NOTE | |||
r-oldrel-windows-x86_64 | 1.1.3 | 70.00 | 98.00 | 168.00 | NOTE |
Version: 1.1.3
Check: CRAN incoming feasibility
Result: NOTE
Maintainer: ‘Haoming Jiang <jianghm.ustc@gmail.com>’
No Authors@R field in DESCRIPTION.
Please add one, modifying
Authors@R: c(person(given = "Haoming",
family = "Jiang",
role = c("aut", "cre"),
email = "jianghm.ustc@gmail.com"),
person(given = "Yukun",
family = "Ma",
role = "aut"),
person(given = "Han",
family = "Liu",
role = "aut"),
person(given = "Kathryn",
family = "Roeder",
role = "aut"),
person(given = "Xingguo",
family = "Li",
role = "aut"),
person(given = "Tuo",
family = "Zhao",
role = "aut"))
as necessary.
Flavors: r-devel-linux-x86_64-debian-clang, r-devel-linux-x86_64-debian-gcc
Version: 1.1.3
Check: C++ specification
Result: NOTE
Specified C++11: please drop specification unless essential
Flavors: r-devel-linux-x86_64-debian-clang, r-devel-linux-x86_64-debian-gcc, r-devel-linux-x86_64-fedora-clang, r-devel-linux-x86_64-fedora-gcc, r-devel-windows-x86_64, r-patched-linux-x86_64, r-release-linux-x86_64, r-release-macos-arm64, r-release-macos-x86_64, r-release-windows-x86_64, r-oldrel-macos-arm64, r-oldrel-macos-x86_64, r-oldrel-windows-x86_64
Version: 1.1.3
Check: installed package size
Result: NOTE
installed size is 22.4Mb
sub-directories of 1Mb or more:
libs 22.2Mb
Flavors: r-oldrel-macos-arm64, r-oldrel-macos-x86_64