Last updated on 2025-05-08 01:51:20 CEST.
Flavor | Version | Tinstall | Tcheck | Ttotal | Status | Flags |
---|---|---|---|---|---|---|
r-devel-linux-x86_64-debian-clang | 0.3.0 | 1.68 | 18.01 | 19.69 | NOTE | |
r-devel-linux-x86_64-debian-gcc | 0.3.0 | 1.46 | 14.96 | 16.42 | NOTE | |
r-devel-linux-x86_64-fedora-clang | 0.3.0 | 30.87 | OK | |||
r-devel-linux-x86_64-fedora-gcc | 0.3.0 | 30.74 | OK | |||
r-devel-windows-x86_64 | 0.3.0 | 3.00 | 38.00 | 41.00 | OK | |
r-patched-linux-x86_64 | 0.3.0 | 1.74 | 17.45 | 19.19 | OK | |
r-release-linux-x86_64 | 0.3.0 | 1.64 | 17.57 | 19.21 | OK | |
r-release-macos-arm64 | 0.3.0 | 20.00 | OK | |||
r-release-macos-x86_64 | 0.3.0 | 29.00 | OK | |||
r-release-windows-x86_64 | 0.3.0 | 3.00 | 40.00 | 43.00 | OK | |
r-oldrel-macos-arm64 | 0.3.0 | 15.00 | OK | |||
r-oldrel-macos-x86_64 | 0.3.0 | 23.00 | OK | |||
r-oldrel-windows-x86_64 | 0.3.0 | 3.00 | 43.00 | 46.00 | OK |
Version: 0.3.0
Check: CRAN incoming feasibility
Result: NOTE
Maintainer: ‘Jiayi Ji <Jiayi.Ji@mountsinai.org>’
The Description field contains
cancer data <arXiv:2012.06093>.
Please refer to arXiv e-prints via their arXiv DOI <doi:10.48550/arXiv.YYMM.NNNNN>.
Flavors: r-devel-linux-x86_64-debian-clang, r-devel-linux-x86_64-debian-gcc