Last updated on 2024-05-21 02:02:19 CEST.
Flavor | Version | Tinstall | Tcheck | Ttotal | Status | Flags |
---|---|---|---|---|---|---|
r-devel-linux-x86_64-debian-clang | 1.1.0 | 2.25 | 261.06 | 263.31 | OK | |
r-devel-linux-x86_64-debian-gcc | 1.1.0 | 2.74 | 175.40 | 178.14 | OK | |
r-devel-linux-x86_64-fedora-clang | 1.1.0 | 309.36 | NOTE | |||
r-devel-linux-x86_64-fedora-gcc | 1.1.0 | 315.47 | NOTE | |||
r-devel-windows-x86_64 | 1.1.0 | 4.00 | 167.00 | 171.00 | OK | |
r-patched-linux-x86_64 | 1.1.0 | 2.22 | 246.21 | 248.43 | OK | |
r-release-linux-x86_64 | 1.1.0 | 2.12 | 247.57 | 249.69 | OK | |
r-release-macos-arm64 | 1.1.0 | 82.00 | OK | |||
r-release-windows-x86_64 | 1.1.0 | 4.00 | 171.00 | 175.00 | OK | |
r-oldrel-macos-arm64 | 1.1.0 | 86.00 | OK | |||
r-oldrel-macos-x86_64 | 1.1.0 | 169.00 | OK | |||
r-oldrel-windows-x86_64 | 1.1.0 | 5.00 | 239.00 | 244.00 | OK |
Version: 1.1.0
Check: dependencies in R code
Result: NOTE
Namespaces in Imports field not imported from:
‘devtools’ ‘mathjaxr’
All declared Imports should be used.
Flavors: r-devel-linux-x86_64-fedora-clang, r-devel-linux-x86_64-fedora-gcc