Last updated on 2025-05-09 01:50:18 CEST.
Flavor | Version | Tinstall | Tcheck | Ttotal | Status | Flags |
---|---|---|---|---|---|---|
r-devel-linux-x86_64-debian-clang | 2.3.3 | 14.49 | 147.00 | 161.49 | NOTE | |
r-devel-linux-x86_64-debian-gcc | 2.3.3 | 10.49 | 102.39 | 112.88 | NOTE | |
r-devel-linux-x86_64-fedora-clang | 2.3.3 | 260.08 | OK | |||
r-devel-linux-x86_64-fedora-gcc | 2.3.3 | 258.70 | OK | |||
r-devel-windows-x86_64 | 2.3.3 | 19.00 | 133.00 | 152.00 | OK | |
r-patched-linux-x86_64 | 2.3.3 | 14.42 | 134.74 | 149.16 | OK | |
r-release-linux-x86_64 | 2.3.3 | 12.56 | 133.49 | 146.05 | OK | |
r-release-macos-arm64 | 2.3.3 | 66.00 | OK | |||
r-release-macos-x86_64 | 2.3.3 | 139.00 | OK | |||
r-release-windows-x86_64 | 2.3.3 | 17.00 | 133.00 | 150.00 | OK | |
r-oldrel-macos-arm64 | 2.3.3 | 65.00 | OK | |||
r-oldrel-macos-x86_64 | 2.3.3 | 95.00 | OK | |||
r-oldrel-windows-x86_64 | 2.3.3 | 24.00 | 170.00 | 194.00 | OK |
Version: 2.3.3
Check: CRAN incoming feasibility
Result: NOTE
Maintainer: ‘Takahiro Shimada <taka.shimada@gmail.com>’
No Authors@R field in DESCRIPTION.
Please add one, modifying
Authors@R: person(given = "Takahiro",
family = "Shimada",
role = c("aut", "cre"),
email = "taka.shimada@gmail.com")
as necessary.
Flavors: r-devel-linux-x86_64-debian-clang, r-devel-linux-x86_64-debian-gcc