Last updated on 2025-10-25 01:51:17 CEST.
| Flavor | Version | Tinstall | Tcheck | Ttotal | Status | Flags |
|---|---|---|---|---|---|---|
| r-devel-linux-x86_64-debian-clang | 1.1.0 | 2.58 | 26.12 | 28.70 | OK | |
| r-devel-linux-x86_64-debian-gcc | 1.1.0 | 1.99 | 21.28 | 23.27 | OK | |
| r-devel-linux-x86_64-fedora-clang | 1.1.0 | 47.84 | NOTE | |||
| r-devel-linux-x86_64-fedora-gcc | 1.1.0 | 41.47 | NOTE | |||
| r-devel-windows-x86_64 | 1.1.0 | 5.00 | 43.00 | 48.00 | OK | |
| r-patched-linux-x86_64 | 1.1.0 | 1.96 | 25.08 | 27.04 | OK | |
| r-release-linux-x86_64 | 1.1.0 | 2.26 | 25.29 | 27.55 | OK | |
| r-release-macos-arm64 | 1.1.0 | 1.00 | 18.00 | 19.00 | OK | |
| r-release-macos-x86_64 | 1.1.0 | 2.00 | 26.00 | 28.00 | OK | |
| r-release-windows-x86_64 | 1.1.0 | 5.00 | 45.00 | 50.00 | OK | |
| r-oldrel-macos-arm64 | 1.1.0 | 1.00 | 16.00 | 17.00 | OK | |
| r-oldrel-macos-x86_64 | 1.1.0 | 2.00 | 27.00 | 29.00 | OK | |
| r-oldrel-windows-x86_64 | 1.1.0 | 6.00 | 51.00 | 57.00 | OK |
Version: 1.1.0
Check: dependencies in R code
Result: NOTE
Namespaces in Imports field not imported from:
‘dplyr’ ‘magrittr’ ‘psych’ ‘stringr’
All declared Imports should be used.
Flavors: r-devel-linux-x86_64-fedora-clang, r-devel-linux-x86_64-fedora-gcc