Last updated on 2025-02-20 01:50:47 CET.
Flavor | Version | Tinstall | Tcheck | Ttotal | Status | Flags |
---|---|---|---|---|---|---|
r-devel-linux-x86_64-debian-clang | 0.1.2 | 6.52 | 41.85 | 48.37 | OK | |
r-devel-linux-x86_64-debian-gcc | 0.1.2 | 4.28 | 29.19 | 33.47 | OK | |
r-devel-linux-x86_64-fedora-clang | 0.1.2 | 81.40 | OK | |||
r-devel-linux-x86_64-fedora-gcc | 0.1.2 | 73.92 | OK | |||
r-devel-macos-arm64 | 0.1.2 | 29.00 | OK | |||
r-devel-macos-x86_64 | 0.1.2 | 49.00 | OK | |||
r-devel-windows-x86_64 | 0.1.2 | 10.00 | 135.00 | 145.00 | OK | |
r-patched-linux-x86_64 | 0.1.2 | 5.05 | 40.34 | 45.39 | OK | |
r-release-linux-x86_64 | 0.1.2 | 5.42 | 40.08 | 45.50 | OK | |
r-release-macos-arm64 | 0.1.2 | 29.00 | OK | |||
r-release-macos-x86_64 | 0.1.2 | 49.00 | OK | |||
r-release-windows-x86_64 | 0.1.2 | 11.00 | 132.00 | 143.00 | WARN | |
r-oldrel-macos-arm64 | 0.1.2 | 33.00 | OK | |||
r-oldrel-macos-x86_64 | 0.1.2 | 50.00 | OK | |||
r-oldrel-windows-x86_64 | 0.1.2 | 12.00 | 152.00 | 164.00 | OK |
Version: 0.1.2
Check: for unstated dependencies in ‘tests’
Result: WARN
Warning in read.table(file = file, header = header, sep = sep, quote = quote, :
cols = 1 != length(data) = 7
Flavor: r-release-windows-x86_64